{"id":98,"date":"2023-02-14T11:27:11","date_gmt":"2023-02-14T10:27:11","guid":{"rendered":"https:\/\/comalamaison03-appli.fr\/JeunesEuropeensLorraine\/?page_id=98"},"modified":"2023-04-19T16:02:25","modified_gmt":"2023-04-19T14:02:25","slug":"evenements-passes","status":"publish","type":"page","link":"https:\/\/comalamaison03-appli.fr\/JeunesEuropeensLorraine\/evenements-passes\/","title":{"rendered":"Ev\u00e8nements pass\u00e9s"},"content":{"rendered":"\t\t<div data-elementor-type=\"wp-page\" data-elementor-id=\"98\" class=\"elementor elementor-98\">\n\t\t\t\t\t\t\t\t\t<section class=\"elementor-section elementor-top-section elementor-element elementor-element-21bf676d elementor-section-boxed elementor-section-height-default elementor-section-height-default\" data-id=\"21bf676d\" data-element_type=\"section\">\n\t\t\t\t\t\t<div class=\"elementor-container elementor-column-gap-default\">\n\t\t\t\t\t<div class=\"elementor-column elementor-col-100 elementor-top-column elementor-element elementor-element-6fe411da\" data-id=\"6fe411da\" data-element_type=\"column\">\n\t\t\t<div class=\"elementor-widget-wrap elementor-element-populated\">\n\t\t\t\t\t\t\t\t<div class=\"elementor-element elementor-element-1ebf4fad elementor-widget elementor-widget-heading\" data-id=\"1ebf4fad\" data-element_type=\"widget\" data-widget_type=\"heading.default\">\n\t\t\t\t<div class=\"elementor-widget-container\">\n\t\t\t<h2 class=\"elementor-heading-title elementor-size-default\">Ev\u00e8nements pass\u00e9s<\/h2>\t\t<\/div>\n\t\t\t\t<\/div>\n\t\t\t\t<div class=\"elementor-element elementor-element-10de33dc elementor-widget-divider--view-line elementor-widget elementor-widget-divider\" data-id=\"10de33dc\" data-element_type=\"widget\" data-widget_type=\"divider.default\">\n\t\t\t\t<div class=\"elementor-widget-container\">\n\t\t\t\t\t<div class=\"elementor-divider\">\n\t\t\t<span class=\"elementor-divider-separator\">\n\t\t\t\t\t\t<\/span>\n\t\t<\/div>\n\t\t\t\t<\/div>\n\t\t\t\t<\/div>\n\t\t\t\t\t<\/div>\n\t\t<\/div>\n\t\t\t\t\t\t\t<\/div>\n\t\t<\/section>\n\t\t\t\t<section class=\"elementor-section elementor-top-section elementor-element elementor-element-aff44eb elementor-section-boxed elementor-section-height-default elementor-section-height-default\" data-id=\"aff44eb\" data-element_type=\"section\">\n\t\t\t\t\t\t<div class=\"elementor-container elementor-column-gap-default\">\n\t\t\t\t\t<div class=\"elementor-column elementor-col-100 elementor-top-column elementor-element elementor-element-a65eda7\" data-id=\"a65eda7\" data-element_type=\"column\">\n\t\t\t<div class=\"elementor-widget-wrap elementor-element-populated\">\n\t\t\t\t\t\t\t\t<div class=\"elementor-element elementor-element-6601458 elementor-grid-3 elementor-grid-tablet-2 elementor-grid-mobile-1 elementor-posts--thumbnail-top elementor-posts--show-avatar elementor-posts__hover-gradient elementor-widget elementor-widget-posts\" data-id=\"6601458\" data-element_type=\"widget\" data-settings=\"{&quot;cards_masonry&quot;:&quot;yes&quot;,&quot;cards_columns&quot;:&quot;3&quot;,&quot;cards_columns_tablet&quot;:&quot;2&quot;,&quot;cards_columns_mobile&quot;:&quot;1&quot;,&quot;cards_row_gap&quot;:{&quot;unit&quot;:&quot;px&quot;,&quot;size&quot;:35,&quot;sizes&quot;:[]},&quot;cards_row_gap_tablet&quot;:{&quot;unit&quot;:&quot;px&quot;,&quot;size&quot;:&quot;&quot;,&quot;sizes&quot;:[]},&quot;cards_row_gap_mobile&quot;:{&quot;unit&quot;:&quot;px&quot;,&quot;size&quot;:&quot;&quot;,&quot;sizes&quot;:[]}}\" data-widget_type=\"posts.cards\">\n\t\t\t\t<div class=\"elementor-widget-container\">\n\t\t\t\t\t<div class=\"elementor-posts-container elementor-posts elementor-posts--skin-cards elementor-grid\">\n\t\t\t\t<article class=\"elementor-post elementor-grid-item post-582 post type-post status-publish format-standard has-post-thumbnail hentry category-passes\">\n\t\t\t<div class=\"elementor-post__card\">\n\t\t\t\t<a class=\"elementor-post__thumbnail__link\" href=\"https:\/\/comalamaison03-appli.fr\/JeunesEuropeensLorraine\/6-avril-simulation-du-parlement-europeen\/\" ><div class=\"elementor-post__thumbnail\"><img loading=\"lazy\" decoding=\"async\" width=\"1125\" height=\"842\" src=\"https:\/\/comalamaison03-appli.fr\/JeunesEuropeensLorraine\/wp-content\/uploads\/2023\/03\/6-avril.jpg\" class=\"attachment-full size-full wp-image-519\" alt=\"\" srcset=\"https:\/\/comalamaison03-appli.fr\/JeunesEuropeensLorraine\/wp-content\/uploads\/2023\/03\/6-avril.jpg 1125w, https:\/\/comalamaison03-appli.fr\/JeunesEuropeensLorraine\/wp-content\/uploads\/2023\/03\/6-avril-300x225.jpg 300w, https:\/\/comalamaison03-appli.fr\/JeunesEuropeensLorraine\/wp-content\/uploads\/2023\/03\/6-avril-1024x766.jpg 1024w, https:\/\/comalamaison03-appli.fr\/JeunesEuropeensLorraine\/wp-content\/uploads\/2023\/03\/6-avril-768x575.jpg 768w\" sizes=\"auto, (max-width: 1125px) 100vw, 1125px\" \/><\/div><\/a>\n\t\t\t\t<div class=\"elementor-post__avatar\">\n\t\t\t\t\t<\/div>\n\t\t\t\t<div class=\"elementor-post__text\">\n\t\t\t\t<h3 class=\"elementor-post__title\">\n\t\t\t<a href=\"https:\/\/comalamaison03-appli.fr\/JeunesEuropeensLorraine\/6-avril-simulation-du-parlement-europeen\/\" >\n\t\t\t\t6 avril : Simulation du Parlement europ\u00e9en\t\t\t<\/a>\n\t\t<\/h3>\n\t\t\t\t<div class=\"elementor-post__excerpt\">\n\t\t\t<p>Simulation du Parlement europ\u00e9en sur l\u2019\u00e9galit\u00e9 femme-homme et l\u2019accessibilit\u00e9 des services en Europe 6 avril Nancy \ud83d\udcc5Le 06 avril, nos b\u00e9n\u00e9voles sont intervenus au lyc\u00e9e<\/p>\n\t\t<\/div>\n\t\t\n\t\t<a class=\"elementor-post__read-more\" href=\"https:\/\/comalamaison03-appli.fr\/JeunesEuropeensLorraine\/6-avril-simulation-du-parlement-europeen\/\" aria-label=\"Read more about 6 avril : Simulation du Parlement europ\u00e9en\" >\n\t\t\tLire la suite \u00bb\t\t<\/a>\n\n\t\t\t\t<\/div>\n\t\t\t\t\t<\/div>\n\t\t<\/article>\n\t\t\t\t<article class=\"elementor-post elementor-grid-item post-573 post type-post status-publish format-standard has-post-thumbnail hentry category-passes\">\n\t\t\t<div class=\"elementor-post__card\">\n\t\t\t\t<a class=\"elementor-post__thumbnail__link\" href=\"https:\/\/comalamaison03-appli.fr\/JeunesEuropeensLorraine\/20-mars-intervention-leurope-par-les-jeunes\/\" ><div class=\"elementor-post__thumbnail\"><img loading=\"lazy\" decoding=\"async\" width=\"750\" height=\"1000\" src=\"https:\/\/comalamaison03-appli.fr\/JeunesEuropeensLorraine\/wp-content\/uploads\/2023\/04\/20-marsLuneville.jpg\" class=\"attachment-full size-full wp-image-539\" alt=\"\" srcset=\"https:\/\/comalamaison03-appli.fr\/JeunesEuropeensLorraine\/wp-content\/uploads\/2023\/04\/20-marsLuneville.jpg 750w, https:\/\/comalamaison03-appli.fr\/JeunesEuropeensLorraine\/wp-content\/uploads\/2023\/04\/20-marsLuneville-225x300.jpg 225w\" sizes=\"auto, (max-width: 750px) 100vw, 750px\" \/><\/div><\/a>\n\t\t\t\t<div class=\"elementor-post__avatar\">\n\t\t\t\t\t<\/div>\n\t\t\t\t<div class=\"elementor-post__text\">\n\t\t\t\t<h3 class=\"elementor-post__title\">\n\t\t\t<a href=\"https:\/\/comalamaison03-appli.fr\/JeunesEuropeensLorraine\/20-mars-intervention-leurope-par-les-jeunes\/\" >\n\t\t\t\t20 mars : Intervention \u201cl\u2019Europe par les Jeunes\u201d\t\t\t<\/a>\n\t\t<\/h3>\n\t\t\t\t<div class=\"elementor-post__excerpt\">\n\t\t\t<p>Intervention \u201cl\u2019Europe par les Jeunes\u201d pour une cinquantaine de lyc\u00e9ens fran\u00e7ais et danois dans le cadre d\u2019un \u00e9change scolaire ! 20 mars 2023 Lun\u00e9ville, Lyc\u00e9e<\/p>\n\t\t<\/div>\n\t\t\n\t\t<a class=\"elementor-post__read-more\" href=\"https:\/\/comalamaison03-appli.fr\/JeunesEuropeensLorraine\/20-mars-intervention-leurope-par-les-jeunes\/\" aria-label=\"Read more about 20 mars : Intervention \u201cl\u2019Europe par les Jeunes\u201d\" >\n\t\t\tLire la suite \u00bb\t\t<\/a>\n\n\t\t\t\t<\/div>\n\t\t\t\t\t<\/div>\n\t\t<\/article>\n\t\t\t\t<article class=\"elementor-post elementor-grid-item post-567 post type-post status-publish format-standard has-post-thumbnail hentry category-passes\">\n\t\t\t<div class=\"elementor-post__card\">\n\t\t\t\t<a class=\"elementor-post__thumbnail__link\" href=\"https:\/\/comalamaison03-appli.fr\/JeunesEuropeensLorraine\/9-10-mars-2023-forum-sante-et-citoyennete\/\" ><div class=\"elementor-post__thumbnail\"><img loading=\"lazy\" decoding=\"async\" width=\"1640\" height=\"738\" src=\"https:\/\/comalamaison03-appli.fr\/JeunesEuropeensLorraine\/wp-content\/uploads\/2023\/03\/1-9-10-mars-2023-forum-sante-et-citoyennete-a-Metz.jpg\" class=\"attachment-full size-full wp-image-392\" alt=\"\" srcset=\"https:\/\/comalamaison03-appli.fr\/JeunesEuropeensLorraine\/wp-content\/uploads\/2023\/03\/1-9-10-mars-2023-forum-sante-et-citoyennete-a-Metz.jpg 1640w, https:\/\/comalamaison03-appli.fr\/JeunesEuropeensLorraine\/wp-content\/uploads\/2023\/03\/1-9-10-mars-2023-forum-sante-et-citoyennete-a-Metz-300x135.jpg 300w, https:\/\/comalamaison03-appli.fr\/JeunesEuropeensLorraine\/wp-content\/uploads\/2023\/03\/1-9-10-mars-2023-forum-sante-et-citoyennete-a-Metz-1024x461.jpg 1024w, https:\/\/comalamaison03-appli.fr\/JeunesEuropeensLorraine\/wp-content\/uploads\/2023\/03\/1-9-10-mars-2023-forum-sante-et-citoyennete-a-Metz-768x346.jpg 768w, https:\/\/comalamaison03-appli.fr\/JeunesEuropeensLorraine\/wp-content\/uploads\/2023\/03\/1-9-10-mars-2023-forum-sante-et-citoyennete-a-Metz-1536x691.jpg 1536w\" sizes=\"auto, (max-width: 1640px) 100vw, 1640px\" \/><\/div><\/a>\n\t\t\t\t<div class=\"elementor-post__avatar\">\n\t\t\t\t\t<\/div>\n\t\t\t\t<div class=\"elementor-post__text\">\n\t\t\t\t<h3 class=\"elementor-post__title\">\n\t\t\t<a href=\"https:\/\/comalamaison03-appli.fr\/JeunesEuropeensLorraine\/9-10-mars-2023-forum-sante-et-citoyennete\/\" >\n\t\t\t\t9-10 mars 2023 : Forum \u201csant\u00e9 et citoyennet\u00e9\u201d\t\t\t<\/a>\n\t\t<\/h3>\n\t\t\t\t<div class=\"elementor-post__excerpt\">\n\t\t\t<p>Forum \u201csant\u00e9 et citoyennet\u00e9\u201d &#8211; Animation d\u2019ateliers sur la th\u00e9matique \u201ccitoyennet\u00e9 et mobilit\u00e9 europ\u00e9ennes\u201d au lyc\u00e9e Alain-Fournier 9-10 mars 2023 Metz Les 9 et 10<\/p>\n\t\t<\/div>\n\t\t\n\t\t<a class=\"elementor-post__read-more\" href=\"https:\/\/comalamaison03-appli.fr\/JeunesEuropeensLorraine\/9-10-mars-2023-forum-sante-et-citoyennete\/\" aria-label=\"Read more about 9-10 mars 2023 : Forum \u201csant\u00e9 et citoyennet\u00e9\u201d\" >\n\t\t\tLire la suite \u00bb\t\t<\/a>\n\n\t\t\t\t<\/div>\n\t\t\t\t\t<\/div>\n\t\t<\/article>\n\t\t\t\t<\/div>\n\t\t\n\t\t\t\t<\/div>\n\t\t\t\t<\/div>\n\t\t\t\t\t<\/div>\n\t\t<\/div>\n\t\t\t\t\t\t\t<\/div>\n\t\t<\/section>\n\t\t\t\t\t\t\t<\/div>\n\t\t","protected":false},"excerpt":{"rendered":"<p>Ev\u00e8nements pass\u00e9s<\/p>\n","protected":false},"author":1,"featured_media":0,"parent":0,"menu_order":0,"comment_status":"closed","ping_status":"closed","template":"","meta":{"footnotes":""},"class_list":["post-98","page","type-page","status-publish","hentry"],"_links":{"self":[{"href":"https:\/\/comalamaison03-appli.fr\/JeunesEuropeensLorraine\/wp-json\/wp\/v2\/pages\/98","targetHints":{"allow":["GET"]}}],"collection":[{"href":"https:\/\/comalamaison03-appli.fr\/JeunesEuropeensLorraine\/wp-json\/wp\/v2\/pages"}],"about":[{"href":"https:\/\/comalamaison03-appli.fr\/JeunesEuropeensLorraine\/wp-json\/wp\/v2\/types\/page"}],"author":[{"embeddable":true,"href":"https:\/\/comalamaison03-appli.fr\/JeunesEuropeensLorraine\/wp-json\/wp\/v2\/users\/1"}],"replies":[{"embeddable":true,"href":"https:\/\/comalamaison03-appli.fr\/JeunesEuropeensLorraine\/wp-json\/wp\/v2\/comments?post=98"}],"version-history":[{"count":16,"href":"https:\/\/comalamaison03-appli.fr\/JeunesEuropeensLorraine\/wp-json\/wp\/v2\/pages\/98\/revisions"}],"predecessor-version":[{"id":548,"href":"https:\/\/comalamaison03-appli.fr\/JeunesEuropeensLorraine\/wp-json\/wp\/v2\/pages\/98\/revisions\/548"}],"wp:attachment":[{"href":"https:\/\/comalamaison03-appli.fr\/JeunesEuropeensLorraine\/wp-json\/wp\/v2\/media?parent=98"}],"curies":[{"name":"wp","href":"https:\/\/api.w.org\/{rel}","templated":true}]}}

Evènements passés

<div data-elementor-type="wp-page" data-elementor-id="98" class="elementor elementor-98">
									<section class="elementor-section elementor-top-section elementor-element elementor-element-21bf676d elementor-section-boxed elementor-section-height-default elementor-section-height-default" data-id="21bf676d" data-element_type="section">
						<div class="elementor-container elementor-column-gap-default">
					<div class="elementor-column elementor-col-100 elementor-top-column elementor-element elementor-element-6fe411da" data-id="6fe411da" data-element_type="column">
			<div class="elementor-widget-wrap elementor-element-populated">
								<div class="elementor-element elementor-element-1ebf4fad elementor-widget elementor-widget-heading" data-id="1ebf4fad" data-element_type="widget" data-widget_type="heading.default">
				<div class="elementor-widget-container">
			<h2 class="elementor-heading-title elementor-size-default">Evènements passés</h2>		</div>
				</div>
				<div class="elementor-element elementor-element-10de33dc elementor-widget-divider--view-line elementor-widget elementor-widget-divider" data-id="10de33dc" data-element_type="widget" data-widget_type="divider.default">
				<div class="elementor-widget-container">
					<div class="elementor-divider">
			<span class="elementor-divider-separator">
						</span>
		</div>
				</div>
				</div>
					</div>
		</div>
							</div>
		</section>
				<section class="elementor-section elementor-top-section elementor-element elementor-element-aff44eb elementor-section-boxed elementor-section-height-default elementor-section-height-default" data-id="aff44eb" data-element_type="section">
						<div class="elementor-container elementor-column-gap-default">
					<div class="elementor-column elementor-col-100 elementor-top-column elementor-element elementor-element-a65eda7" data-id="a65eda7" data-element_type="column">
			<div class="elementor-widget-wrap elementor-element-populated">
								<div class="elementor-element elementor-element-6601458 elementor-grid-3 elementor-grid-tablet-2 elementor-grid-mobile-1 elementor-posts--thumbnail-top elementor-posts--show-avatar elementor-posts__hover-gradient elementor-widget elementor-widget-posts" data-id="6601458" data-element_type="widget" data-settings="{&quot;cards_masonry&quot;:&quot;yes&quot;,&quot;cards_columns&quot;:&quot;3&quot;,&quot;cards_columns_tablet&quot;:&quot;2&quot;,&quot;cards_columns_mobile&quot;:&quot;1&quot;,&quot;cards_row_gap&quot;:{&quot;unit&quot;:&quot;px&quot;,&quot;size&quot;:35,&quot;sizes&quot;:[]},&quot;cards_row_gap_tablet&quot;:{&quot;unit&quot;:&quot;px&quot;,&quot;size&quot;:&quot;&quot;,&quot;sizes&quot;:[]},&quot;cards_row_gap_mobile&quot;:{&quot;unit&quot;:&quot;px&quot;,&quot;size&quot;:&quot;&quot;,&quot;sizes&quot;:[]}}" data-widget_type="posts.cards">
				<div class="elementor-widget-container">
					<div class="elementor-posts-container elementor-posts elementor-posts--skin-cards elementor-grid">
				<article class="elementor-post elementor-grid-item post-582 post type-post status-publish format-standard has-post-thumbnail hentry category-passes">
			<div class="elementor-post__card">
				<a class="elementor-post__thumbnail__link" href="https://comalamaison03-appli.fr/JeunesEuropeensLorraine/6-avril-simulation-du-parlement-europeen/" ><div class="elementor-post__thumbnail"><img loading="lazy" decoding="async" width="1125" height="842" src="https://comalamaison03-appli.fr/JeunesEuropeensLorraine/wp-content/uploads/2023/03/6-avril.jpg" class="attachment-full size-full wp-image-519" alt="" srcset="https://comalamaison03-appli.fr/JeunesEuropeensLorraine/wp-content/uploads/2023/03/6-avril.jpg 1125w, https://comalamaison03-appli.fr/JeunesEuropeensLorraine/wp-content/uploads/2023/03/6-avril-300x225.jpg 300w, https://comalamaison03-appli.fr/JeunesEuropeensLorraine/wp-content/uploads/2023/03/6-avril-1024x766.jpg 1024w, https://comalamaison03-appli.fr/JeunesEuropeensLorraine/wp-content/uploads/2023/03/6-avril-768x575.jpg 768w" sizes="auto, (max-width: 1125px) 100vw, 1125px" /></div></a>
				<div class="elementor-post__avatar">
					</div>
				<div class="elementor-post__text">
				<h3 class="elementor-post__title">
			<a href="https://comalamaison03-appli.fr/JeunesEuropeensLorraine/6-avril-simulation-du-parlement-europeen/" >
				6 avril : Simulation du Parlement européen			</a>
		</h3>
				<div class="elementor-post__excerpt">
			<p>Simulation du Parlement européen sur l’égalité femme-homme et l’accessibilité des services en Europe 6 avril Nancy 📅Le 06 avril, nos bénévoles sont intervenus au lycée</p>
		</div>
		
		<a class="elementor-post__read-more" href="https://comalamaison03-appli.fr/JeunesEuropeensLorraine/6-avril-simulation-du-parlement-europeen/" aria-label="Read more about 6 avril : Simulation du Parlement européen" >
			Lire la suite »		</a>

				</div>
					</div>
		</article>
				<article class="elementor-post elementor-grid-item post-573 post type-post status-publish format-standard has-post-thumbnail hentry category-passes">
			<div class="elementor-post__card">
				<a class="elementor-post__thumbnail__link" href="https://comalamaison03-appli.fr/JeunesEuropeensLorraine/20-mars-intervention-leurope-par-les-jeunes/" ><div class="elementor-post__thumbnail"><img loading="lazy" decoding="async" width="750" height="1000" src="https://comalamaison03-appli.fr/JeunesEuropeensLorraine/wp-content/uploads/2023/04/20-marsLuneville.jpg" class="attachment-full size-full wp-image-539" alt="" srcset="https://comalamaison03-appli.fr/JeunesEuropeensLorraine/wp-content/uploads/2023/04/20-marsLuneville.jpg 750w, https://comalamaison03-appli.fr/JeunesEuropeensLorraine/wp-content/uploads/2023/04/20-marsLuneville-225x300.jpg 225w" sizes="auto, (max-width: 750px) 100vw, 750px" /></div></a>
				<div class="elementor-post__avatar">
					</div>
				<div class="elementor-post__text">
				<h3 class="elementor-post__title">
			<a href="https://comalamaison03-appli.fr/JeunesEuropeensLorraine/20-mars-intervention-leurope-par-les-jeunes/" >
				20 mars : Intervention “l’Europe par les Jeunes”			</a>
		</h3>
				<div class="elementor-post__excerpt">
			<p>Intervention “l’Europe par les Jeunes” pour une cinquantaine de lycéens français et danois dans le cadre d’un échange scolaire ! 20 mars 2023 Lunéville, Lycée</p>
		</div>
		
		<a class="elementor-post__read-more" href="https://comalamaison03-appli.fr/JeunesEuropeensLorraine/20-mars-intervention-leurope-par-les-jeunes/" aria-label="Read more about 20 mars : Intervention “l’Europe par les Jeunes”" >
			Lire la suite »		</a>

				</div>
					</div>
		</article>
				<article class="elementor-post elementor-grid-item post-567 post type-post status-publish format-standard has-post-thumbnail hentry category-passes">
			<div class="elementor-post__card">
				<a class="elementor-post__thumbnail__link" href="https://comalamaison03-appli.fr/JeunesEuropeensLorraine/9-10-mars-2023-forum-sante-et-citoyennete/" ><div class="elementor-post__thumbnail"><img loading="lazy" decoding="async" width="1640" height="738" src="https://comalamaison03-appli.fr/JeunesEuropeensLorraine/wp-content/uploads/2023/03/1-9-10-mars-2023-forum-sante-et-citoyennete-a-Metz.jpg" class="attachment-full size-full wp-image-392" alt="" srcset="https://comalamaison03-appli.fr/JeunesEuropeensLorraine/wp-content/uploads/2023/03/1-9-10-mars-2023-forum-sante-et-citoyennete-a-Metz.jpg 1640w, https://comalamaison03-appli.fr/JeunesEuropeensLorraine/wp-content/uploads/2023/03/1-9-10-mars-2023-forum-sante-et-citoyennete-a-Metz-300x135.jpg 300w, https://comalamaison03-appli.fr/JeunesEuropeensLorraine/wp-content/uploads/2023/03/1-9-10-mars-2023-forum-sante-et-citoyennete-a-Metz-1024x461.jpg 1024w, https://comalamaison03-appli.fr/JeunesEuropeensLorraine/wp-content/uploads/2023/03/1-9-10-mars-2023-forum-sante-et-citoyennete-a-Metz-768x346.jpg 768w, https://comalamaison03-appli.fr/JeunesEuropeensLorraine/wp-content/uploads/2023/03/1-9-10-mars-2023-forum-sante-et-citoyennete-a-Metz-1536x691.jpg 1536w" sizes="auto, (max-width: 1640px) 100vw, 1640px" /></div></a>
				<div class="elementor-post__avatar">
					</div>
				<div class="elementor-post__text">
				<h3 class="elementor-post__title">
			<a href="https://comalamaison03-appli.fr/JeunesEuropeensLorraine/9-10-mars-2023-forum-sante-et-citoyennete/" >
				9-10 mars 2023 : Forum “santé et citoyenneté”			</a>
		</h3>
				<div class="elementor-post__excerpt">
			<p>Forum “santé et citoyenneté” &#8211; Animation d’ateliers sur la thématique “citoyenneté et mobilité européennes” au lycée Alain-Fournier 9-10 mars 2023 Metz Les 9 et 10</p>
		</div>
		
		<a class="elementor-post__read-more" href="https://comalamaison03-appli.fr/JeunesEuropeensLorraine/9-10-mars-2023-forum-sante-et-citoyennete/" aria-label="Read more about 9-10 mars 2023 : Forum “santé et citoyenneté”" >
			Lire la suite »		</a>

				</div>
					</div>
		</article>
				</div>
		
				</div>
				</div>
					</div>
		</div>
							</div>
		</section>
							</div>

<p>Evènements passés</p>
