{"id":80,"date":"2023-02-14T11:17:29","date_gmt":"2023-02-14T10:17:29","guid":{"rendered":"https:\/\/comalamaison03-appli.fr\/JeunesEuropeensLorraine\/?page_id=80"},"modified":"2023-03-21T14:08:50","modified_gmt":"2023-03-21T13:08:50","slug":"le-reseau","status":"publish","type":"page","link":"https:\/\/comalamaison03-appli.fr\/JeunesEuropeensLorraine\/le-reseau\/","title":{"rendered":"Le r\u00e9seau"},"content":{"rendered":"\t\t<div data-elementor-type=\"wp-page\" data-elementor-id=\"80\" class=\"elementor elementor-80\">\n\t\t\t\t\t\t\t\t\t<section class=\"elementor-section elementor-top-section elementor-element elementor-element-baad29c elementor-section-boxed elementor-section-height-default elementor-section-height-default\" data-id=\"baad29c\" data-element_type=\"section\">\n\t\t\t\t\t\t<div class=\"elementor-container elementor-column-gap-default\">\n\t\t\t\t\t<div class=\"elementor-column elementor-col-100 elementor-top-column elementor-element elementor-element-07eac38\" data-id=\"07eac38\" data-element_type=\"column\">\n\t\t\t<div class=\"elementor-widget-wrap elementor-element-populated\">\n\t\t\t\t\t\t\t\t<div class=\"elementor-element elementor-element-287f082 elementor-widget elementor-widget-heading\" data-id=\"287f082\" data-element_type=\"widget\" data-widget_type=\"heading.default\">\n\t\t\t\t<div class=\"elementor-widget-container\">\n\t\t\t<h2 class=\"elementor-heading-title elementor-size-default\">Le r\u00e9seau<\/h2>\t\t<\/div>\n\t\t\t\t<\/div>\n\t\t\t\t<div class=\"elementor-element elementor-element-d8d5b0c elementor-widget-divider--view-line elementor-widget elementor-widget-divider\" data-id=\"d8d5b0c\" data-element_type=\"widget\" data-widget_type=\"divider.default\">\n\t\t\t\t<div class=\"elementor-widget-container\">\n\t\t\t\t\t<div class=\"elementor-divider\">\n\t\t\t<span class=\"elementor-divider-separator\">\n\t\t\t\t\t\t<\/span>\n\t\t<\/div>\n\t\t\t\t<\/div>\n\t\t\t\t<\/div>\n\t\t\t\t\t<\/div>\n\t\t<\/div>\n\t\t\t\t\t\t\t<\/div>\n\t\t<\/section>\n\t\t\t\t<section class=\"elementor-section elementor-top-section elementor-element elementor-element-1a3fffc elementor-section-boxed elementor-section-height-default elementor-section-height-default\" data-id=\"1a3fffc\" data-element_type=\"section\">\n\t\t\t\t\t\t<div class=\"elementor-container elementor-column-gap-wider\">\n\t\t\t\t\t<div class=\"elementor-column elementor-col-50 elementor-top-column elementor-element elementor-element-073f8f7\" data-id=\"073f8f7\" data-element_type=\"column\" data-settings=\"{&quot;background_background&quot;:&quot;classic&quot;}\">\n\t\t\t<div class=\"elementor-widget-wrap elementor-element-populated\">\n\t\t\t\t\t\t\t\t<div class=\"elementor-element elementor-element-ecaacf7 elementor-widget elementor-widget-text-editor\" data-id=\"ecaacf7\" data-element_type=\"widget\" data-widget_type=\"text-editor.default\">\n\t\t\t\t<div class=\"elementor-widget-container\">\n\t\t\t\t\t\t\t<p>L\u2019association des Jeunes Europ\u00e9ens &#8211; Lorraine s\u2019ins\u00e8re au sein de <strong>multiples r\u00e9seaux<\/strong> plus larges.<\/p><p>En effet, il s\u2019agit d\u2019une section locale des <a href=\"https:\/\/www.jeunes-europeens.org\/\" target=\"_blank\" rel=\"noopener\">Jeunes europ\u00e9ens &#8211; France<\/a>, eux-m\u00eame section nationale des <a href=\"https:\/\/jef.eu\/\">Jeunes Europ\u00e9ens f\u00e9d\u00e9ralistes<\/a> (JEF Europe) qui se d\u00e9ploient au niveau continental.\u00a0<\/p><p>Les Jeunes Europ\u00e9ens &#8211; Lorraine sont \u00e9galement la branche jeune du <a href=\"https:\/\/mouvement-europeen.eu\/lorraine\/\">Mouvement Europ\u00e9en &#8211; Lorraine<\/a>, section locale du <a href=\"https:\/\/mouvement-europeen.eu\/\">Mouvement Europ\u00e9en &#8211; France<\/a>, lui-m\u00eame membre national du <a href=\"https:\/\/europeanmovement.eu\/\">Mouvement Europ\u00e9en &#8211; International <\/a>qui est actif \u00e0 l\u2019\u00e9chelle continentale.<\/p>\t\t\t\t\t\t<\/div>\n\t\t\t\t<\/div>\n\t\t\t\t\t<\/div>\n\t\t<\/div>\n\t\t\t\t<div class=\"elementor-column elementor-col-50 elementor-top-column elementor-element elementor-element-c423ce5\" data-id=\"c423ce5\" data-element_type=\"column\">\n\t\t\t<div class=\"elementor-widget-wrap elementor-element-populated\">\n\t\t\t\t\t\t\t\t<section class=\"elementor-section elementor-inner-section elementor-element elementor-element-23141d1 elementor-section-boxed elementor-section-height-default elementor-section-height-default\" data-id=\"23141d1\" data-element_type=\"section\">\n\t\t\t\t\t\t<div class=\"elementor-container elementor-column-gap-default\">\n\t\t\t\t\t<div class=\"elementor-column elementor-col-50 elementor-inner-column elementor-element elementor-element-9365f3d\" data-id=\"9365f3d\" data-element_type=\"column\">\n\t\t\t<div class=\"elementor-widget-wrap elementor-element-populated\">\n\t\t\t\t\t\t\t\t<div class=\"elementor-element elementor-element-22315de elementor-widget elementor-widget-image\" data-id=\"22315de\" data-element_type=\"widget\" data-widget_type=\"image.default\">\n\t\t\t\t<div class=\"elementor-widget-container\">\n\t\t\t\t\t\t\t\t\t\t\t\t\t\t\t<img loading=\"lazy\" decoding=\"async\" width=\"582\" height=\"269\" src=\"https:\/\/comalamaison03-appli.fr\/JeunesEuropeensLorraine\/wp-content\/uploads\/2023\/03\/JE-FRANCE.jpg\" class=\"attachment-large size-large wp-image-194\" alt=\"\" srcset=\"https:\/\/comalamaison03-appli.fr\/JeunesEuropeensLorraine\/wp-content\/uploads\/2023\/03\/JE-FRANCE.jpg 582w, https:\/\/comalamaison03-appli.fr\/JeunesEuropeensLorraine\/wp-content\/uploads\/2023\/03\/JE-FRANCE-300x139.jpg 300w\" sizes=\"auto, (max-width: 582px) 100vw, 582px\" \/>\t\t\t\t\t\t\t\t\t\t\t\t\t\t\t<\/div>\n\t\t\t\t<\/div>\n\t\t\t\t\t<\/div>\n\t\t<\/div>\n\t\t\t\t<div class=\"elementor-column elementor-col-50 elementor-inner-column elementor-element elementor-element-412364c\" data-id=\"412364c\" data-element_type=\"column\">\n\t\t\t<div class=\"elementor-widget-wrap elementor-element-populated\">\n\t\t\t\t\t\t\t\t<div class=\"elementor-element elementor-element-5cbc615 elementor-widget elementor-widget-heading\" data-id=\"5cbc615\" data-element_type=\"widget\" data-widget_type=\"heading.default\">\n\t\t\t\t<div class=\"elementor-widget-container\">\n\t\t\t<h2 class=\"elementor-heading-title elementor-size-default\">Les Jeunes europ\u00e9ens - France <\/h2>\t\t<\/div>\n\t\t\t\t<\/div>\n\t\t\t\t\t<\/div>\n\t\t<\/div>\n\t\t\t\t\t\t\t<\/div>\n\t\t<\/section>\n\t\t\t\t<div class=\"elementor-element elementor-element-7354b02 elementor-widget elementor-widget-text-editor\" data-id=\"7354b02\" data-element_type=\"widget\" data-widget_type=\"text-editor.default\">\n\t\t\t\t<div class=\"elementor-widget-container\">\n\t\t\t\t\t\t\t<p>Association reconnue d\u2019utilit\u00e9 publique et agr\u00e9\u00e9e \u00ab Jeunesse et \u00e9ducation populaire \u00bb au niveau national, les <a href=\"https:\/\/www.jeunes-europeens.org\/\">Jeunes Europ\u00e9ens &#8211; France<\/a> constitue la section fran\u00e7aise des Jeunes Europ\u00e9ens f\u00e9d\u00e9ralistes (<a href=\"https:\/\/jef.eu\/\">Young European Federalists<\/a>) et regroupe les adh\u00e9rents de moins de 35 ans du <a href=\"https:\/\/mouvement-europeen.eu\/\">Mouvement europ\u00e9en &#8211; France<\/a>. Elle vise \u00e0 rassembler les jeunes d\u00e9sireux d\u2019agir en faveur de la construction europ\u00e9enne dans un sens f\u00e9d\u00e9ral.<\/p><p>Les Jeunes Europ\u00e9ens d\u00e9fendent une <strong>Europe plus d\u00e9mocratique<\/strong> et, \u00e0 terme, <strong>f\u00e9d\u00e9rale<\/strong>. Transpartisans, nous respectons toutes les \u00e9tiquettes et rassemblons les 16-35 ans d\u00e9sireux de <strong>d\u00e9fendre le projet europ\u00e9en<\/strong>.<\/p>\t\t\t\t\t\t<\/div>\n\t\t\t\t<\/div>\n\t\t\t\t<div class=\"elementor-element elementor-element-f9fac82 elementor-widget elementor-widget-image\" data-id=\"f9fac82\" data-element_type=\"widget\" data-widget_type=\"image.default\">\n\t\t\t\t<div class=\"elementor-widget-container\">\n\t\t\t\t\t\t\t\t\t\t\t\t\t\t\t\t<a href=\"https:\/\/comalamaison03-appli.fr\/JeunesEuropeensLorraine\/wp-content\/uploads\/2023\/03\/JE-FRANCE-Photo.jpg\" data-elementor-open-lightbox=\"yes\" data-elementor-lightbox-title=\"JE-FRANCE-Photo\" data-e-action-hash=\"#elementor-action%3Aaction%3Dlightbox%26settings%3DeyJpZCI6MTkzLCJ1cmwiOiJodHRwczpcL1wvY29tYWxhbWFpc29uMDMtYXBwbGkuZnJcL0pldW5lc0V1cm9wZWVuc0xvcnJhaW5lXC93cC1jb250ZW50XC91cGxvYWRzXC8yMDIzXC8wM1wvSkUtRlJBTkNFLVBob3RvLmpwZyJ9\">\n\t\t\t\t\t\t\t<img loading=\"lazy\" decoding=\"async\" width=\"950\" height=\"633\" src=\"https:\/\/comalamaison03-appli.fr\/JeunesEuropeensLorraine\/wp-content\/uploads\/2023\/03\/JE-FRANCE-Photo.jpg\" class=\"attachment-large size-large wp-image-193\" alt=\"\" srcset=\"https:\/\/comalamaison03-appli.fr\/JeunesEuropeensLorraine\/wp-content\/uploads\/2023\/03\/JE-FRANCE-Photo.jpg 950w, https:\/\/comalamaison03-appli.fr\/JeunesEuropeensLorraine\/wp-content\/uploads\/2023\/03\/JE-FRANCE-Photo-300x200.jpg 300w, https:\/\/comalamaison03-appli.fr\/JeunesEuropeensLorraine\/wp-content\/uploads\/2023\/03\/JE-FRANCE-Photo-768x512.jpg 768w\" sizes=\"auto, (max-width: 950px) 100vw, 950px\" \/>\t\t\t\t\t\t\t\t<\/a>\n\t\t\t\t\t\t\t\t\t\t\t\t\t\t\t<\/div>\n\t\t\t\t<\/div>\n\t\t\t\t<div class=\"elementor-element elementor-element-e8bd707 elementor-widget elementor-widget-text-editor\" data-id=\"e8bd707\" data-element_type=\"widget\" data-widget_type=\"text-editor.default\">\n\t\t\t\t<div class=\"elementor-widget-container\">\n\t\t\t\t\t\t\t<p><em>\u00a9Jeunes Europ\u00e9ens &#8211; France<\/em><\/p>\t\t\t\t\t\t<\/div>\n\t\t\t\t<\/div>\n\t\t\t\t<div class=\"elementor-element elementor-element-4a9be73 elementor-widget elementor-widget-text-editor\" data-id=\"4a9be73\" data-element_type=\"widget\" data-widget_type=\"text-editor.default\">\n\t\t\t\t<div class=\"elementor-widget-container\">\n\t\t\t\t\t\t\t<p>Notre avenir r\u00e9side dans une<strong> Europe plus int\u00e9gr\u00e9e<\/strong> et <strong>proche de ses citoyens<\/strong>. C\u2019est \u00e0 notre g\u00e9n\u00e9ration de proposer une vision nouvelle de la construction europ\u00e9enne. L\u2019association est un vecteur d\u2019information et d\u2019alerte du public. C\u2019est aussi un lieu unique d\u2019\u00e9changes d\u2019id\u00e9es et de d\u00e9bats pour ses membres.<\/p><p>Aux Jeunes Europ\u00e9ens, nous privil\u00e9gions toujours <strong>l\u2019action concr\u00e8te<\/strong>. Les b\u00e9n\u00e9voles se mobilisent tous les jours et font entendre notre voix : <strong>dans les \u00e9coles<\/strong>, tout d\u2019abord, avec des <a href=\"https:\/\/www.europeparlesjeunes.fr\/\">interventions p\u00e9dagogiques<\/a> pour sensibiliser les jeunes aux valeurs europ\u00e9ennes ; <strong>sur le web<\/strong>, avec notre webzine participatif <a href=\"https:\/\/www.taurillon.org\/\">Taurillon.org<\/a>, ou directement <strong>sur le terrain<\/strong>, avec l\u2019organisation d\u2019actions de rue, de stands en fac ou de larges d\u00e9bats publics.<\/p><p>Retrouvez plus d\u2019infos sur leur site web : <a href=\"https:\/\/www.jeunes-europeens.org\/\">https:\/\/www.jeunes-europeens.org\/<\/a><\/p>\t\t\t\t\t\t<\/div>\n\t\t\t\t<\/div>\n\t\t\t\t\t<\/div>\n\t\t<\/div>\n\t\t\t\t\t\t\t<\/div>\n\t\t<\/section>\n\t\t\t\t<section class=\"elementor-section elementor-top-section elementor-element elementor-element-3442d99 elementor-section-boxed elementor-section-height-default elementor-section-height-default\" data-id=\"3442d99\" data-element_type=\"section\">\n\t\t\t\t\t\t<div class=\"elementor-container elementor-column-gap-wider\">\n\t\t\t\t\t<div class=\"elementor-column elementor-col-100 elementor-top-column elementor-element elementor-element-48cd572\" data-id=\"48cd572\" data-element_type=\"column\">\n\t\t\t<div class=\"elementor-widget-wrap elementor-element-populated\">\n\t\t\t\t\t\t\t\t<section class=\"elementor-section elementor-inner-section elementor-element elementor-element-1169b6c elementor-section-boxed elementor-section-height-default elementor-section-height-default\" data-id=\"1169b6c\" data-element_type=\"section\">\n\t\t\t\t\t\t<div class=\"elementor-container elementor-column-gap-default\">\n\t\t\t\t\t<div class=\"elementor-column elementor-col-50 elementor-inner-column elementor-element elementor-element-66c6ac7\" data-id=\"66c6ac7\" data-element_type=\"column\">\n\t\t\t<div class=\"elementor-widget-wrap elementor-element-populated\">\n\t\t\t\t\t\t\t\t<div class=\"elementor-element elementor-element-ff4a131 elementor-widget elementor-widget-image\" data-id=\"ff4a131\" data-element_type=\"widget\" data-widget_type=\"image.default\">\n\t\t\t\t<div class=\"elementor-widget-container\">\n\t\t\t\t\t\t\t\t\t\t\t\t\t\t\t<img loading=\"lazy\" decoding=\"async\" width=\"1024\" height=\"468\" src=\"https:\/\/comalamaison03-appli.fr\/JeunesEuropeensLorraine\/wp-content\/uploads\/2023\/03\/YoungEurop-1024x468.jpg\" class=\"attachment-large size-large wp-image-204\" alt=\"\" srcset=\"https:\/\/comalamaison03-appli.fr\/JeunesEuropeensLorraine\/wp-content\/uploads\/2023\/03\/YoungEurop-1024x468.jpg 1024w, https:\/\/comalamaison03-appli.fr\/JeunesEuropeensLorraine\/wp-content\/uploads\/2023\/03\/YoungEurop-300x137.jpg 300w, https:\/\/comalamaison03-appli.fr\/JeunesEuropeensLorraine\/wp-content\/uploads\/2023\/03\/YoungEurop-768x351.jpg 768w, https:\/\/comalamaison03-appli.fr\/JeunesEuropeensLorraine\/wp-content\/uploads\/2023\/03\/YoungEurop-1536x701.jpg 1536w, https:\/\/comalamaison03-appli.fr\/JeunesEuropeensLorraine\/wp-content\/uploads\/2023\/03\/YoungEurop.jpg 1984w\" sizes=\"auto, (max-width: 1024px) 100vw, 1024px\" \/>\t\t\t\t\t\t\t\t\t\t\t\t\t\t\t<\/div>\n\t\t\t\t<\/div>\n\t\t\t\t\t<\/div>\n\t\t<\/div>\n\t\t\t\t<div class=\"elementor-column elementor-col-50 elementor-inner-column elementor-element elementor-element-26ad077\" data-id=\"26ad077\" data-element_type=\"column\">\n\t\t\t<div class=\"elementor-widget-wrap elementor-element-populated\">\n\t\t\t\t\t\t\t\t<div class=\"elementor-element elementor-element-1687fb9 elementor-widget elementor-widget-heading\" data-id=\"1687fb9\" data-element_type=\"widget\" data-widget_type=\"heading.default\">\n\t\t\t\t<div class=\"elementor-widget-container\">\n\t\t\t<h2 class=\"elementor-heading-title elementor-size-default\">Les Jeunes Europ\u00e9ens F\u00e9d\u00e9ralistes (JEF Europe) <\/h2>\t\t<\/div>\n\t\t\t\t<\/div>\n\t\t\t\t\t<\/div>\n\t\t<\/div>\n\t\t\t\t\t\t\t<\/div>\n\t\t<\/section>\n\t\t\t\t<div class=\"elementor-element elementor-element-0a1f907 elementor-widget elementor-widget-text-editor\" data-id=\"0a1f907\" data-element_type=\"widget\" data-widget_type=\"text-editor.default\">\n\t\t\t\t<div class=\"elementor-widget-container\">\n\t\t\t\t\t\t\t<p>La JEF Europe milite au <strong>niveau continental<\/strong> pour la cr\u00e9ation d&rsquo;une f\u00e9d\u00e9ration europ\u00e9enne d\u00e9mocratique, garante de la paix, de l&rsquo;\u00c9tat de droit et des droits de l&rsquo;homme. La JEF Europe promeut une v\u00e9ritable citoyennet\u00e9 europ\u00e9enne, \u0153uvre pour l&rsquo;\u00e9largissement et l&rsquo;approfondissement de l&rsquo;Union europ\u00e9enne et s&rsquo;efforce de cr\u00e9er une soci\u00e9t\u00e9 plus juste et int\u00e9gr\u00e9e sur le continent europ\u00e9en et au-del\u00e0. Fond\u00e9e en 1972, l&rsquo;organisation compte plus de 10 000 militants organis\u00e9s en plus de 250 sections nationales, r\u00e9gionales et locales dans 33 pays. Les id\u00e9aux et les objectifs de la JEF Europe sont d\u00e9finis dans le Manifeste de Ventotene, la Plate-forme politique et les r\u00e9solutions adopt\u00e9es par ses organes statutaires.<\/p><p>Retrouvez plus d\u2019infos sur leur site web : <a href=\"https:\/\/jef.eu\/\">https:\/\/jef.eu\/<\/a><\/p>\t\t\t\t\t\t<\/div>\n\t\t\t\t<\/div>\n\t\t\t\t\t<\/div>\n\t\t<\/div>\n\t\t\t\t\t\t\t<\/div>\n\t\t<\/section>\n\t\t\t\t<section class=\"elementor-section elementor-top-section elementor-element elementor-element-0647ac2 elementor-section-boxed elementor-section-height-default elementor-section-height-default\" data-id=\"0647ac2\" data-element_type=\"section\">\n\t\t\t\t\t\t<div class=\"elementor-container elementor-column-gap-wider\">\n\t\t\t\t\t<div class=\"elementor-column elementor-col-100 elementor-top-column elementor-element elementor-element-6aab152\" data-id=\"6aab152\" data-element_type=\"column\">\n\t\t\t<div class=\"elementor-widget-wrap elementor-element-populated\">\n\t\t\t\t\t\t\t\t<section class=\"elementor-section elementor-inner-section elementor-element elementor-element-2ef0696 elementor-section-boxed elementor-section-height-default elementor-section-height-default\" data-id=\"2ef0696\" data-element_type=\"section\">\n\t\t\t\t\t\t<div class=\"elementor-container elementor-column-gap-default\">\n\t\t\t\t\t<div class=\"elementor-column elementor-col-50 elementor-inner-column elementor-element elementor-element-f86ea37\" data-id=\"f86ea37\" data-element_type=\"column\">\n\t\t\t<div class=\"elementor-widget-wrap elementor-element-populated\">\n\t\t\t\t\t\t\t\t<div class=\"elementor-element elementor-element-7e1df35 elementor-widget elementor-widget-image\" data-id=\"7e1df35\" data-element_type=\"widget\" data-widget_type=\"image.default\">\n\t\t\t\t<div class=\"elementor-widget-container\">\n\t\t\t\t\t\t\t\t\t\t\t\t\t\t\t<img loading=\"lazy\" decoding=\"async\" width=\"347\" height=\"145\" src=\"https:\/\/comalamaison03-appli.fr\/JeunesEuropeensLorraine\/wp-content\/uploads\/2023\/03\/Mouvement.png\" class=\"attachment-large size-large wp-image-205\" alt=\"\" srcset=\"https:\/\/comalamaison03-appli.fr\/JeunesEuropeensLorraine\/wp-content\/uploads\/2023\/03\/Mouvement.png 347w, https:\/\/comalamaison03-appli.fr\/JeunesEuropeensLorraine\/wp-content\/uploads\/2023\/03\/Mouvement-300x125.png 300w\" sizes=\"auto, (max-width: 347px) 100vw, 347px\" \/>\t\t\t\t\t\t\t\t\t\t\t\t\t\t\t<\/div>\n\t\t\t\t<\/div>\n\t\t\t\t\t<\/div>\n\t\t<\/div>\n\t\t\t\t<div class=\"elementor-column elementor-col-50 elementor-inner-column elementor-element elementor-element-4a39019\" data-id=\"4a39019\" data-element_type=\"column\">\n\t\t\t<div class=\"elementor-widget-wrap elementor-element-populated\">\n\t\t\t\t\t\t\t\t<div class=\"elementor-element elementor-element-37f9fa0 elementor-widget elementor-widget-heading\" data-id=\"37f9fa0\" data-element_type=\"widget\" data-widget_type=\"heading.default\">\n\t\t\t\t<div class=\"elementor-widget-container\">\n\t\t\t<h2 class=\"elementor-heading-title elementor-size-default\">Le Mouvement Europ\u00e9en - France<\/h2>\t\t<\/div>\n\t\t\t\t<\/div>\n\t\t\t\t\t<\/div>\n\t\t<\/div>\n\t\t\t\t\t\t\t<\/div>\n\t\t<\/section>\n\t\t\t\t<div class=\"elementor-element elementor-element-1e2866c elementor-widget elementor-widget-text-editor\" data-id=\"1e2866c\" data-element_type=\"widget\" data-widget_type=\"text-editor.default\">\n\t\t\t\t<div class=\"elementor-widget-container\">\n\t\t\t\t\t\t\t<p>Le Mouvement Europ\u00e9en \u2013 France se mobilise depuis 1950 pour faire vivre un d\u00e9bat public pluraliste sur l\u2019Europe. Reconnu comme association d\u2019int\u00e9r\u00eat g\u00e9n\u00e9ral et agr\u00e9\u00e9 comme \u00ab association \u00e9ducative compl\u00e9mentaire de l\u2019enseignement public \u00bb, il d\u00e9ploie ses activit\u00e9s autour de la p\u00e9dagogie, de l\u2019organisation du d\u00e9bat entre les citoyens et de la formulation de propositions pour construire l\u2019Europe.<\/p><p>Il rassemble des milliers de b\u00e9n\u00e9voles r\u00e9unis au sein de plus de <a href=\"https:\/\/mouvement-europeen.eu\/?page_id=142\">50 sections locales<\/a>, <a href=\"https:\/\/mouvement-europeen.eu\/?page_id=148\">une trentaine d\u2019organisations membres<\/a>. Il est le premier acteur de la soci\u00e9t\u00e9 civile en France sur les enjeux europ\u00e9ens. Les Jeunes Europ\u00e9ens constituent sa branche jeune, rassemblant les moins de 35 ans, elle se mobilise \u00e0 travers 26 groupes locaux r\u00e9partis sur le territoire.<\/p><p>Retrouvez plus d\u2019infos sur leur site web : <a href=\"https:\/\/mouvement-europeen.eu\/\">https:\/\/mouvement-europeen.eu\/<\/a><\/p>\t\t\t\t\t\t<\/div>\n\t\t\t\t<\/div>\n\t\t\t\t\t<\/div>\n\t\t<\/div>\n\t\t\t\t\t\t\t<\/div>\n\t\t<\/section>\n\t\t\t\t<section class=\"elementor-section elementor-top-section elementor-element elementor-element-5243eca elementor-section-boxed elementor-section-height-default elementor-section-height-default\" data-id=\"5243eca\" data-element_type=\"section\">\n\t\t\t\t\t\t<div class=\"elementor-container elementor-column-gap-wider\">\n\t\t\t\t\t<div class=\"elementor-column elementor-col-100 elementor-top-column elementor-element elementor-element-df047b2\" data-id=\"df047b2\" data-element_type=\"column\">\n\t\t\t<div class=\"elementor-widget-wrap elementor-element-populated\">\n\t\t\t\t\t\t\t\t<section class=\"elementor-section elementor-inner-section elementor-element elementor-element-b53b447 elementor-section-boxed elementor-section-height-default elementor-section-height-default\" data-id=\"b53b447\" data-element_type=\"section\">\n\t\t\t\t\t\t<div class=\"elementor-container elementor-column-gap-default\">\n\t\t\t\t\t<div class=\"elementor-column elementor-col-50 elementor-inner-column elementor-element elementor-element-6416a61\" data-id=\"6416a61\" data-element_type=\"column\">\n\t\t\t<div class=\"elementor-widget-wrap elementor-element-populated\">\n\t\t\t\t\t\t\t\t<div class=\"elementor-element elementor-element-24031fe elementor-widget elementor-widget-image\" data-id=\"24031fe\" data-element_type=\"widget\" data-widget_type=\"image.default\">\n\t\t\t\t<div class=\"elementor-widget-container\">\n\t\t\t\t\t\t\t\t\t\t\t\t\t\t\t<img loading=\"lazy\" decoding=\"async\" width=\"336\" height=\"150\" src=\"https:\/\/comalamaison03-appli.fr\/JeunesEuropeensLorraine\/wp-content\/uploads\/2023\/03\/European.png\" class=\"attachment-large size-large wp-image-206\" alt=\"\" srcset=\"https:\/\/comalamaison03-appli.fr\/JeunesEuropeensLorraine\/wp-content\/uploads\/2023\/03\/European.png 336w, https:\/\/comalamaison03-appli.fr\/JeunesEuropeensLorraine\/wp-content\/uploads\/2023\/03\/European-300x134.png 300w\" sizes=\"auto, (max-width: 336px) 100vw, 336px\" \/>\t\t\t\t\t\t\t\t\t\t\t\t\t\t\t<\/div>\n\t\t\t\t<\/div>\n\t\t\t\t\t<\/div>\n\t\t<\/div>\n\t\t\t\t<div class=\"elementor-column elementor-col-50 elementor-inner-column elementor-element elementor-element-459c3e0\" data-id=\"459c3e0\" data-element_type=\"column\">\n\t\t\t<div class=\"elementor-widget-wrap elementor-element-populated\">\n\t\t\t\t\t\t\t\t<div class=\"elementor-element elementor-element-91332be elementor-widget elementor-widget-heading\" data-id=\"91332be\" data-element_type=\"widget\" data-widget_type=\"heading.default\">\n\t\t\t\t<div class=\"elementor-widget-container\">\n\t\t\t<h2 class=\"elementor-heading-title elementor-size-default\">Mouvement Europ\u00e9en \u2013 International<\/h2>\t\t<\/div>\n\t\t\t\t<\/div>\n\t\t\t\t\t<\/div>\n\t\t<\/div>\n\t\t\t\t\t\t\t<\/div>\n\t\t<\/section>\n\t\t\t\t<div class=\"elementor-element elementor-element-017521a elementor-widget elementor-widget-text-editor\" data-id=\"017521a\" data-element_type=\"widget\" data-widget_type=\"text-editor.default\">\n\t\t\t\t<div class=\"elementor-widget-container\">\n\t\t\t\t\t\t\t<p>Le Mouvement Europ\u00e9en \u2013 International est pr\u00e9sent sur l\u2019ensemble du continent, avec 80 associations nationales membres, il unit les citoyens mobilis\u00e9s pour faire avancer le projet europ\u00e9en.<\/p><p>Il a pour principal objectif de rapprocher les points de vue des diff\u00e9rents pays d\u2019Europe et de tisser des liens entre les Etats membres, les pays candidats \u00e0 l\u2019adh\u00e9sion et les autres pays du continent europ\u00e9en. Il coordonne les actions et les projets que les branches nationales m\u00e8nent en commun.<\/p><p>Ind\u00e9pendant des gouvernements, des institutions communautaires et des partis politiques, le Mouvement Europ\u00e9en est aujourd\u2019hui pr\u00e9sent dans les 27 pays de l\u2019Union europ\u00e9enne et dans une dizaine d\u2019autres pays d\u2019Europe, sous forme de branches nationales.<\/p><p>Retrouvez plus d\u2019infos sur leur site web : <a href=\"https:\/\/europeanmovement.eu\/\">https:\/\/europeanmovement.eu\/<\/a> <\/p>\t\t\t\t\t\t<\/div>\n\t\t\t\t<\/div>\n\t\t\t\t\t<\/div>\n\t\t<\/div>\n\t\t\t\t\t\t\t<\/div>\n\t\t<\/section>\n\t\t\t\t\t\t\t<\/div>\n\t\t","protected":false},"excerpt":{"rendered":"<p>Le r\u00e9seau L\u2019association des Jeunes Europ\u00e9ens &#8211; Lorraine s\u2019ins\u00e8re au sein de multiples r\u00e9seaux plus larges. En effet, il s\u2019agit d\u2019une section locale des Jeunes europ\u00e9ens &#8211; France, eux-m\u00eame section nationale des Jeunes Europ\u00e9ens f\u00e9d\u00e9ralistes (JEF Europe) qui se d\u00e9ploient au niveau continental.\u00a0 Les Jeunes Europ\u00e9ens &#8211; Lorraine sont \u00e9galement la branche jeune du Mouvement&hellip;<\/p>\n","protected":false},"author":1,"featured_media":0,"parent":0,"menu_order":0,"comment_status":"closed","ping_status":"closed","template":"","meta":{"footnotes":""},"class_list":["post-80","page","type-page","status-publish","hentry"],"_links":{"self":[{"href":"https:\/\/comalamaison03-appli.fr\/JeunesEuropeensLorraine\/wp-json\/wp\/v2\/pages\/80","targetHints":{"allow":["GET"]}}],"collection":[{"href":"https:\/\/comalamaison03-appli.fr\/JeunesEuropeensLorraine\/wp-json\/wp\/v2\/pages"}],"about":[{"href":"https:\/\/comalamaison03-appli.fr\/JeunesEuropeensLorraine\/wp-json\/wp\/v2\/types\/page"}],"author":[{"embeddable":true,"href":"https:\/\/comalamaison03-appli.fr\/JeunesEuropeensLorraine\/wp-json\/wp\/v2\/users\/1"}],"replies":[{"embeddable":true,"href":"https:\/\/comalamaison03-appli.fr\/JeunesEuropeensLorraine\/wp-json\/wp\/v2\/comments?post=80"}],"version-history":[{"count":25,"href":"https:\/\/comalamaison03-appli.fr\/JeunesEuropeensLorraine\/wp-json\/wp\/v2\/pages\/80\/revisions"}],"predecessor-version":[{"id":209,"href":"https:\/\/comalamaison03-appli.fr\/JeunesEuropeensLorraine\/wp-json\/wp\/v2\/pages\/80\/revisions\/209"}],"wp:attachment":[{"href":"https:\/\/comalamaison03-appli.fr\/JeunesEuropeensLorraine\/wp-json\/wp\/v2\/media?parent=80"}],"curies":[{"name":"wp","href":"https:\/\/api.w.org\/{rel}","templated":true}]}}