{"id":253,"date":"2023-03-21T14:36:43","date_gmt":"2023-03-21T13:36:43","guid":{"rendered":"https:\/\/comalamaison03-appli.fr\/JeunesEuropeensLorraine\/?page_id=253"},"modified":"2023-03-21T14:40:53","modified_gmt":"2023-03-21T13:40:53","slug":"simpe","status":"publish","type":"page","link":"https:\/\/comalamaison03-appli.fr\/JeunesEuropeensLorraine\/simpe\/","title":{"rendered":"SimPE"},"content":{"rendered":"\t\t<div data-elementor-type=\"wp-page\" data-elementor-id=\"253\" class=\"elementor elementor-253\">\n\t\t\t\t\t\t\t\t\t<section class=\"elementor-section elementor-top-section elementor-element elementor-element-45607447 elementor-section-boxed elementor-section-height-default elementor-section-height-default\" data-id=\"45607447\" data-element_type=\"section\">\n\t\t\t\t\t\t<div class=\"elementor-container elementor-column-gap-default\">\n\t\t\t\t\t<div class=\"elementor-column elementor-col-100 elementor-top-column elementor-element elementor-element-3d3fc9fc\" data-id=\"3d3fc9fc\" data-element_type=\"column\">\n\t\t\t<div class=\"elementor-widget-wrap elementor-element-populated\">\n\t\t\t\t\t\t\t\t<div class=\"elementor-element elementor-element-78e8b724 elementor-widget elementor-widget-heading\" data-id=\"78e8b724\" data-element_type=\"widget\" data-widget_type=\"heading.default\">\n\t\t\t\t<div class=\"elementor-widget-container\">\n\t\t\t<h2 class=\"elementor-heading-title elementor-size-default\">La simulation du Parlement europ\u00e9en (SimPE)<\/h2>\t\t<\/div>\n\t\t\t\t<\/div>\n\t\t\t\t<div class=\"elementor-element elementor-element-585183bd elementor-widget-divider--view-line elementor-widget elementor-widget-divider\" data-id=\"585183bd\" data-element_type=\"widget\" data-widget_type=\"divider.default\">\n\t\t\t\t<div class=\"elementor-widget-container\">\n\t\t\t\t\t<div class=\"elementor-divider\">\n\t\t\t<span class=\"elementor-divider-separator\">\n\t\t\t\t\t\t<\/span>\n\t\t<\/div>\n\t\t\t\t<\/div>\n\t\t\t\t<\/div>\n\t\t\t\t\t<\/div>\n\t\t<\/div>\n\t\t\t\t\t\t\t<\/div>\n\t\t<\/section>\n\t\t\t\t<section class=\"elementor-section elementor-top-section elementor-element elementor-element-55ea86d0 elementor-section-boxed elementor-section-height-default elementor-section-height-default\" data-id=\"55ea86d0\" data-element_type=\"section\">\n\t\t\t\t\t\t<div class=\"elementor-container elementor-column-gap-wider\">\n\t\t\t\t\t<div class=\"elementor-column elementor-col-50 elementor-top-column elementor-element elementor-element-4d14b11e\" data-id=\"4d14b11e\" data-element_type=\"column\">\n\t\t\t<div class=\"elementor-widget-wrap elementor-element-populated\">\n\t\t\t\t\t\t\t\t<div class=\"elementor-element elementor-element-7b155a52 elementor-widget elementor-widget-text-editor\" data-id=\"7b155a52\" data-element_type=\"widget\" data-widget_type=\"text-editor.default\">\n\t\t\t\t<div class=\"elementor-widget-container\">\n\t\t\t\t\t\t\t<p>La simulation du Parlement europ\u00e9en (SimPE) est un des <strong>outils p\u00e9dagogiques phares<\/strong> des Jeunes europ\u00e9ens qui peut s\u2019adapter \u00e0 diff\u00e9rents types de public du coll\u00e8ge aux \u00e9tudes sup\u00e9rieures !\u00a0<\/p><p>Cela constitue un <strong>exercice unique<\/strong> de mise en pratique de sa <strong>citoyennet\u00e9 europ\u00e9enne <\/strong>et de d\u00e9couverte du fonctionnement des institutions de l\u2019UE. L\u2019id\u00e9e est effectivement que les participants <strong>se mettent eux-m\u00eame dans la peau d&rsquo;eurod\u00e9put\u00e9s<\/strong>, et simulent pendant une demi-journ\u00e9e ou une journ\u00e9e le fonctionnement du Parlement europ\u00e9en.<\/p><p>Pour cela, ils se verront attribuer un <strong>groupe politique<\/strong> et une <strong>nationalit\u00e9<\/strong>, et travailleront sur une proposition de directive, dont le sujet aura \u00e9t\u00e9 convenu en amont de la simulation : les possibilit\u00e9s sont multiples <em>(directive sur le plastique \u00e0 usage unique, l\u2019huile de palme, l\u2019Europe de la d\u00e9fense, les fakes news, la souverainet\u00e9 \u00e9nerg\u00e9tique europ\u00e9enne etc\u2026)<\/em>. Ce sont de vrais sujets de directives de l\u2019Union europ\u00e9enne, mais qui ont \u00e9t\u00e9 \u00e9videmment simplifi\u00e9es, cet outil p\u00e9dagogique ayant \u00e9t\u00e9 pens\u00e9 et pouvant s\u2019adapter pour des coll\u00e9giens \/ lyc\u00e9ens \/ \u00e9tudiants.<\/p><p>Dans cet exercice de simulation, les participants seront accompagn\u00e9s et aid\u00e9s par les b\u00e9n\u00e9voles des Jeunes europ\u00e9ens Lorraine. <strong>Un \u201cvrai\u201d eurod\u00e9put\u00e9<\/strong> pourra \u00e9galement \u00eatre pr\u00e9sent pour pr\u00e9sider la pl\u00e9ni\u00e8re finale, puis \u00e9changer avec les participants. En amont de la SimPE, il peut \u00eatre \u00e9galement convenu de pr\u00e9voir des interventions de sensibilisation aupr\u00e8s des participants pour les pr\u00e9parer \u00e0 l\u2019exercice en leur pr\u00e9sentant l\u2019Union europ\u00e9enne et son fonctionnement.<\/p><p><strong>Vous \u00eates int\u00e9ress\u00e9s de participer ou faire participer votre classe \/ vos \u00e9l\u00e8ves \u00e0 un tel exercice de citoyennet\u00e9 europ\u00e9enne ?<\/strong> Alors sans plus attendre, contactez-nous \u00e0 l\u2019adresse suivante : <a href=\"mailto:lorraine@jeunes-europeens.org\" target=\"_blank\" rel=\"noopener\">lorraine@jeunes-europeens.org<\/a> !<\/p>\t\t\t\t\t\t<\/div>\n\t\t\t\t<\/div>\n\t\t\t\t\t<\/div>\n\t\t<\/div>\n\t\t\t\t<div class=\"elementor-column elementor-col-50 elementor-top-column elementor-element elementor-element-5ef218d8\" data-id=\"5ef218d8\" data-element_type=\"column\">\n\t\t\t<div class=\"elementor-widget-wrap elementor-element-populated\">\n\t\t\t\t\t\t\t\t<div class=\"elementor-element elementor-element-58bdc851 elementor-widget elementor-widget-image\" data-id=\"58bdc851\" data-element_type=\"widget\" data-widget_type=\"image.default\">\n\t\t\t\t<div class=\"elementor-widget-container\">\n\t\t\t\t\t\t\t\t\t\t\t\t\t\t\t\t<a href=\"https:\/\/comalamaison03-appli.fr\/JeunesEuropeensLorraine\/wp-content\/uploads\/2023\/03\/SIMPE-1.jpg\" data-elementor-open-lightbox=\"yes\" data-e-action-hash=\"#elementor-action%3Aaction%3Dlightbox%26settings%3DeyJpZCI6MjU3LCJ1cmwiOiJodHRwczpcL1wvY29tYWxhbWFpc29uMDMtYXBwbGkuZnJcL0pldW5lc0V1cm9wZWVuc0xvcnJhaW5lXC93cC1jb250ZW50XC91cGxvYWRzXC8yMDIzXC8wM1wvU0lNUEUtMS5qcGcifQ%3D%3D\">\n\t\t\t\t\t\t\t<img loading=\"lazy\" decoding=\"async\" width=\"1024\" height=\"483\" src=\"https:\/\/comalamaison03-appli.fr\/JeunesEuropeensLorraine\/wp-content\/uploads\/2023\/03\/SIMPE-1.jpg\" class=\"attachment-large size-large wp-image-257\" alt=\"\" srcset=\"https:\/\/comalamaison03-appli.fr\/JeunesEuropeensLorraine\/wp-content\/uploads\/2023\/03\/SIMPE-1.jpg 1024w, https:\/\/comalamaison03-appli.fr\/JeunesEuropeensLorraine\/wp-content\/uploads\/2023\/03\/SIMPE-1-300x142.jpg 300w, https:\/\/comalamaison03-appli.fr\/JeunesEuropeensLorraine\/wp-content\/uploads\/2023\/03\/SIMPE-1-768x362.jpg 768w\" sizes=\"auto, (max-width: 1024px) 100vw, 1024px\" \/>\t\t\t\t\t\t\t\t<\/a>\n\t\t\t\t\t\t\t\t\t\t\t\t\t\t\t<\/div>\n\t\t\t\t<\/div>\n\t\t\t\t<div class=\"elementor-element elementor-element-7e18dbac elementor-widget elementor-widget-image\" data-id=\"7e18dbac\" data-element_type=\"widget\" data-widget_type=\"image.default\">\n\t\t\t\t<div class=\"elementor-widget-container\">\n\t\t\t\t\t\t\t\t\t\t\t\t\t\t\t\t<a href=\"https:\/\/comalamaison03-appli.fr\/JeunesEuropeensLorraine\/wp-content\/uploads\/2023\/03\/SIMPE-2.jpg\" data-elementor-open-lightbox=\"yes\" data-elementor-lightbox-title=\"SIMPE-2\" data-e-action-hash=\"#elementor-action%3Aaction%3Dlightbox%26settings%3DeyJpZCI6MjYxLCJ1cmwiOiJodHRwczpcL1wvY29tYWxhbWFpc29uMDMtYXBwbGkuZnJcL0pldW5lc0V1cm9wZWVuc0xvcnJhaW5lXC93cC1jb250ZW50XC91cGxvYWRzXC8yMDIzXC8wM1wvU0lNUEUtMi5qcGcifQ%3D%3D\">\n\t\t\t\t\t\t\t<img loading=\"lazy\" decoding=\"async\" width=\"1024\" height=\"768\" src=\"https:\/\/comalamaison03-appli.fr\/JeunesEuropeensLorraine\/wp-content\/uploads\/2023\/03\/SIMPE-2-1024x768.jpg\" class=\"attachment-large size-large wp-image-261\" alt=\"\" srcset=\"https:\/\/comalamaison03-appli.fr\/JeunesEuropeensLorraine\/wp-content\/uploads\/2023\/03\/SIMPE-2-1024x768.jpg 1024w, https:\/\/comalamaison03-appli.fr\/JeunesEuropeensLorraine\/wp-content\/uploads\/2023\/03\/SIMPE-2-300x225.jpg 300w, https:\/\/comalamaison03-appli.fr\/JeunesEuropeensLorraine\/wp-content\/uploads\/2023\/03\/SIMPE-2-768x576.jpg 768w, https:\/\/comalamaison03-appli.fr\/JeunesEuropeensLorraine\/wp-content\/uploads\/2023\/03\/SIMPE-2-1536x1152.jpg 1536w, https:\/\/comalamaison03-appli.fr\/JeunesEuropeensLorraine\/wp-content\/uploads\/2023\/03\/SIMPE-2.jpg 1600w\" sizes=\"auto, (max-width: 1024px) 100vw, 1024px\" \/>\t\t\t\t\t\t\t\t<\/a>\n\t\t\t\t\t\t\t\t\t\t\t\t\t\t\t<\/div>\n\t\t\t\t<\/div>\n\t\t\t\t\t<\/div>\n\t\t<\/div>\n\t\t\t\t\t\t\t<\/div>\n\t\t<\/section>\n\t\t\t\t\t\t\t<\/div>\n\t\t","protected":false},"excerpt":{"rendered":"<p>La simulation du Parlement europ\u00e9en (SimPE) La simulation du Parlement europ\u00e9en (SimPE) est un des outils p\u00e9dagogiques phares des Jeunes europ\u00e9ens qui peut s\u2019adapter \u00e0 diff\u00e9rents types de public du coll\u00e8ge aux \u00e9tudes sup\u00e9rieures !\u00a0 Cela constitue un exercice unique de mise en pratique de sa citoyennet\u00e9 europ\u00e9enne et de d\u00e9couverte du fonctionnement des institutions&hellip;<\/p>\n","protected":false},"author":1,"featured_media":0,"parent":0,"menu_order":0,"comment_status":"closed","ping_status":"closed","template":"","meta":{"footnotes":""},"class_list":["post-253","page","type-page","status-publish","hentry"],"_links":{"self":[{"href":"https:\/\/comalamaison03-appli.fr\/JeunesEuropeensLorraine\/wp-json\/wp\/v2\/pages\/253","targetHints":{"allow":["GET"]}}],"collection":[{"href":"https:\/\/comalamaison03-appli.fr\/JeunesEuropeensLorraine\/wp-json\/wp\/v2\/pages"}],"about":[{"href":"https:\/\/comalamaison03-appli.fr\/JeunesEuropeensLorraine\/wp-json\/wp\/v2\/types\/page"}],"author":[{"embeddable":true,"href":"https:\/\/comalamaison03-appli.fr\/JeunesEuropeensLorraine\/wp-json\/wp\/v2\/users\/1"}],"replies":[{"embeddable":true,"href":"https:\/\/comalamaison03-appli.fr\/JeunesEuropeensLorraine\/wp-json\/wp\/v2\/comments?post=253"}],"version-history":[{"count":10,"href":"https:\/\/comalamaison03-appli.fr\/JeunesEuropeensLorraine\/wp-json\/wp\/v2\/pages\/253\/revisions"}],"predecessor-version":[{"id":267,"href":"https:\/\/comalamaison03-appli.fr\/JeunesEuropeensLorraine\/wp-json\/wp\/v2\/pages\/253\/revisions\/267"}],"wp:attachment":[{"href":"https:\/\/comalamaison03-appli.fr\/JeunesEuropeensLorraine\/wp-json\/wp\/v2\/media?parent=253"}],"curies":[{"name":"wp","href":"https:\/\/api.w.org\/{rel}","templated":true}]}}