{"id":110,"date":"2023-02-14T11:30:31","date_gmt":"2023-02-14T10:30:31","guid":{"rendered":"https:\/\/comalamaison03-appli.fr\/JeunesEuropeensLorraine\/?page_id=110"},"modified":"2023-03-21T15:00:32","modified_gmt":"2023-03-21T14:00:32","slug":"le-taurillon-grand-est","status":"publish","type":"page","link":"https:\/\/comalamaison03-appli.fr\/JeunesEuropeensLorraine\/le-taurillon-grand-est\/","title":{"rendered":"Le \u00ab Taurillon Grand Est \u00bb"},"content":{"rendered":"\t\t<div data-elementor-type=\"wp-page\" data-elementor-id=\"110\" class=\"elementor elementor-110\">\n\t\t\t\t\t\t\t\t\t<section class=\"elementor-section elementor-top-section elementor-element elementor-element-58966d48 elementor-section-boxed elementor-section-height-default elementor-section-height-default\" data-id=\"58966d48\" data-element_type=\"section\">\n\t\t\t\t\t\t<div class=\"elementor-container elementor-column-gap-default\">\n\t\t\t\t\t<div class=\"elementor-column elementor-col-100 elementor-top-column elementor-element elementor-element-1d21870\" data-id=\"1d21870\" data-element_type=\"column\">\n\t\t\t<div class=\"elementor-widget-wrap elementor-element-populated\">\n\t\t\t\t\t\t\t\t<div class=\"elementor-element elementor-element-3661a698 elementor-widget elementor-widget-heading\" data-id=\"3661a698\" data-element_type=\"widget\" data-widget_type=\"heading.default\">\n\t\t\t\t<div class=\"elementor-widget-container\">\n\t\t\t<h2 class=\"elementor-heading-title elementor-size-default\">Le Taurillon Grand Est<\/h2>\t\t<\/div>\n\t\t\t\t<\/div>\n\t\t\t\t<div class=\"elementor-element elementor-element-4c382ed5 elementor-widget-divider--view-line elementor-widget elementor-widget-divider\" data-id=\"4c382ed5\" data-element_type=\"widget\" data-widget_type=\"divider.default\">\n\t\t\t\t<div class=\"elementor-widget-container\">\n\t\t\t\t\t<div class=\"elementor-divider\">\n\t\t\t<span class=\"elementor-divider-separator\">\n\t\t\t\t\t\t<\/span>\n\t\t<\/div>\n\t\t\t\t<\/div>\n\t\t\t\t<\/div>\n\t\t\t\t\t<\/div>\n\t\t<\/div>\n\t\t\t\t\t\t\t<\/div>\n\t\t<\/section>\n\t\t\t\t<section class=\"elementor-section elementor-top-section elementor-element elementor-element-69993025 elementor-section-boxed elementor-section-height-default elementor-section-height-default\" data-id=\"69993025\" data-element_type=\"section\">\n\t\t\t\t\t\t<div class=\"elementor-container elementor-column-gap-wider\">\n\t\t\t\t\t<div class=\"elementor-column elementor-col-50 elementor-top-column elementor-element elementor-element-5b9219ae\" data-id=\"5b9219ae\" data-element_type=\"column\">\n\t\t\t<div class=\"elementor-widget-wrap elementor-element-populated\">\n\t\t\t\t\t\t\t\t<div class=\"elementor-element elementor-element-c02e842 elementor-widget elementor-widget-image\" data-id=\"c02e842\" data-element_type=\"widget\" data-widget_type=\"image.default\">\n\t\t\t\t<div class=\"elementor-widget-container\">\n\t\t\t\t\t\t\t\t\t\t\t\t\t\t\t<img loading=\"lazy\" decoding=\"async\" width=\"1024\" height=\"219\" src=\"https:\/\/comalamaison03-appli.fr\/JeunesEuropeensLorraine\/wp-content\/uploads\/2023\/03\/Le-Taurillon-1024x219.jpg\" class=\"attachment-large size-large wp-image-293\" alt=\"\" srcset=\"https:\/\/comalamaison03-appli.fr\/JeunesEuropeensLorraine\/wp-content\/uploads\/2023\/03\/Le-Taurillon-1024x219.jpg 1024w, https:\/\/comalamaison03-appli.fr\/JeunesEuropeensLorraine\/wp-content\/uploads\/2023\/03\/Le-Taurillon-300x64.jpg 300w, https:\/\/comalamaison03-appli.fr\/JeunesEuropeensLorraine\/wp-content\/uploads\/2023\/03\/Le-Taurillon-768x164.jpg 768w, https:\/\/comalamaison03-appli.fr\/JeunesEuropeensLorraine\/wp-content\/uploads\/2023\/03\/Le-Taurillon.jpg 1140w\" sizes=\"auto, (max-width: 1024px) 100vw, 1024px\" \/>\t\t\t\t\t\t\t\t\t\t\t\t\t\t\t<\/div>\n\t\t\t\t<\/div>\n\t\t\t\t<div class=\"elementor-element elementor-element-242b5394 elementor-widget elementor-widget-text-editor\" data-id=\"242b5394\" data-element_type=\"widget\" data-widget_type=\"text-editor.default\">\n\t\t\t\t<div class=\"elementor-widget-container\">\n\t\t\t\t\t\t\t<p>Le <strong>Taurillon, <\/strong>c\u2019est le <strong>webzine participatif <\/strong>des Jeunes europ\u00e9ens, m\u00e9dia transpartisan et en ligne (<a href=\"http:\/\/www.taurillon.org\" target=\"_blank\" rel=\"noopener\">www.taurillon.org<\/a>), il d\u00e9crypte et analyse chaque jour <strong>l\u2019actualit\u00e9 europ\u00e9enne<\/strong>. Lanc\u00e9 en 2005, il est lu par <strong>400 000 lecteurs<\/strong> en moyenne chaque mois, et surtout il est le fruit du seul travail des adh\u00e9rents et sympathisants ! Ses colonnes sont donc ouvertes \u00e0 tous les b\u00e9n\u00e9voles int\u00e9ress\u00e9s et motiv\u00e9s d\u2019\u00e9crire un article, que ce soit toutes les semaines ou de temps en temps, tout le monde est le bienvenu, et bien s\u00fbr le comit\u00e9 de r\u00e9daction est toujours l\u00e0 pour conseiller et aider !<\/p>\t\t\t\t\t\t<\/div>\n\t\t\t\t<\/div>\n\t\t\t\t\t<\/div>\n\t\t<\/div>\n\t\t\t\t<div class=\"elementor-column elementor-col-50 elementor-top-column elementor-element elementor-element-602bfee3\" data-id=\"602bfee3\" data-element_type=\"column\" data-settings=\"{&quot;background_background&quot;:&quot;classic&quot;}\">\n\t\t\t<div class=\"elementor-widget-wrap elementor-element-populated\">\n\t\t\t\t\t\t\t\t<div class=\"elementor-element elementor-element-8dcaaef elementor-widget elementor-widget-heading\" data-id=\"8dcaaef\" data-element_type=\"widget\" data-widget_type=\"heading.default\">\n\t\t\t\t<div class=\"elementor-widget-container\">\n\t\t\t<h3 class=\"elementor-heading-title elementor-size-default\">Notre \u00e9dition locale : le Taurillon Grand Est<\/h3>\t\t<\/div>\n\t\t\t\t<\/div>\n\t\t\t\t<div class=\"elementor-element elementor-element-35801179 elementor-widget elementor-widget-text-editor\" data-id=\"35801179\" data-element_type=\"widget\" data-widget_type=\"text-editor.default\">\n\t\t\t\t<div class=\"elementor-widget-container\">\n\t\t\t\t\t\t\t<p>Les Jeunes europ\u00e9ens Lorraine avec les sections voisines de <a href=\"https:\/\/www.jeunes-europeens.org\/Les-Jeunes-Europeens-Reims\">Reims<\/a>, <a href=\"https:\/\/www.jeunes-europeens.org\/Les-Jeunes-Europeens-Dijon\">Dijon <\/a>et <a href=\"https:\/\/www.jeunes-europeens-strasbourg.eu\/\">Strasbourg <\/a>ont lanc\u00e9 une <strong>\u00e9dition semestrielle<\/strong> du Taurillon \u00e0 l\u2019\u00e9chelle r\u00e9gionale : le Taurillon Grand Est ! Vous trouverez ses derni\u00e8res \u00e9ditions ci-dessous :<\/p>\t\t\t\t\t\t<\/div>\n\t\t\t\t<\/div>\n\t\t\t\t<div class=\"elementor-element elementor-element-de9fc87 elementor-widget elementor-widget-image\" data-id=\"de9fc87\" data-element_type=\"widget\" data-widget_type=\"image.default\">\n\t\t\t\t<div class=\"elementor-widget-container\">\n\t\t\t\t\t\t\t\t\t\t\t\t\t\t\t<img loading=\"lazy\" decoding=\"async\" width=\"489\" height=\"633\" src=\"https:\/\/comalamaison03-appli.fr\/JeunesEuropeensLorraine\/wp-content\/uploads\/2023\/03\/Taurillon.png\" class=\"attachment-large size-large wp-image-294\" alt=\"\" srcset=\"https:\/\/comalamaison03-appli.fr\/JeunesEuropeensLorraine\/wp-content\/uploads\/2023\/03\/Taurillon.png 489w, https:\/\/comalamaison03-appli.fr\/JeunesEuropeensLorraine\/wp-content\/uploads\/2023\/03\/Taurillon-232x300.png 232w\" sizes=\"auto, (max-width: 489px) 100vw, 489px\" \/>\t\t\t\t\t\t\t\t\t\t\t\t\t\t\t<\/div>\n\t\t\t\t<\/div>\n\t\t\t\t\t<\/div>\n\t\t<\/div>\n\t\t\t\t\t\t\t<\/div>\n\t\t<\/section>\n\t\t\t\t\t\t\t<\/div>\n\t\t","protected":false},"excerpt":{"rendered":"<p>Le Taurillon Grand Est Le Taurillon, c\u2019est le webzine participatif des Jeunes europ\u00e9ens, m\u00e9dia transpartisan et en ligne (www.taurillon.org), il d\u00e9crypte et analyse chaque jour l\u2019actualit\u00e9 europ\u00e9enne. Lanc\u00e9 en 2005, il est lu par 400 000 lecteurs en moyenne chaque mois, et surtout il est le fruit du seul travail des adh\u00e9rents et sympathisants !&hellip;<\/p>\n","protected":false},"author":1,"featured_media":0,"parent":0,"menu_order":0,"comment_status":"closed","ping_status":"closed","template":"","meta":{"footnotes":""},"class_list":["post-110","page","type-page","status-publish","hentry"],"_links":{"self":[{"href":"https:\/\/comalamaison03-appli.fr\/JeunesEuropeensLorraine\/wp-json\/wp\/v2\/pages\/110","targetHints":{"allow":["GET"]}}],"collection":[{"href":"https:\/\/comalamaison03-appli.fr\/JeunesEuropeensLorraine\/wp-json\/wp\/v2\/pages"}],"about":[{"href":"https:\/\/comalamaison03-appli.fr\/JeunesEuropeensLorraine\/wp-json\/wp\/v2\/types\/page"}],"author":[{"embeddable":true,"href":"https:\/\/comalamaison03-appli.fr\/JeunesEuropeensLorraine\/wp-json\/wp\/v2\/users\/1"}],"replies":[{"embeddable":true,"href":"https:\/\/comalamaison03-appli.fr\/JeunesEuropeensLorraine\/wp-json\/wp\/v2\/comments?post=110"}],"version-history":[{"count":10,"href":"https:\/\/comalamaison03-appli.fr\/JeunesEuropeensLorraine\/wp-json\/wp\/v2\/pages\/110\/revisions"}],"predecessor-version":[{"id":300,"href":"https:\/\/comalamaison03-appli.fr\/JeunesEuropeensLorraine\/wp-json\/wp\/v2\/pages\/110\/revisions\/300"}],"wp:attachment":[{"href":"https:\/\/comalamaison03-appli.fr\/JeunesEuropeensLorraine\/wp-json\/wp\/v2\/media?parent=110"}],"curies":[{"name":"wp","href":"https:\/\/api.w.org\/{rel}","templated":true}]}}

<div data-elementor-type="wp-page" data-elementor-id="110" class="elementor elementor-110">
									<section class="elementor-section elementor-top-section elementor-element elementor-element-58966d48 elementor-section-boxed elementor-section-height-default elementor-section-height-default" data-id="58966d48" data-element_type="section">
						<div class="elementor-container elementor-column-gap-default">
					<div class="elementor-column elementor-col-100 elementor-top-column elementor-element elementor-element-1d21870" data-id="1d21870" data-element_type="column">
			<div class="elementor-widget-wrap elementor-element-populated">
								<div class="elementor-element elementor-element-3661a698 elementor-widget elementor-widget-heading" data-id="3661a698" data-element_type="widget" data-widget_type="heading.default">
				<div class="elementor-widget-container">
			<h2 class="elementor-heading-title elementor-size-default">Le Taurillon Grand Est</h2>		</div>
				</div>
				<div class="elementor-element elementor-element-4c382ed5 elementor-widget-divider--view-line elementor-widget elementor-widget-divider" data-id="4c382ed5" data-element_type="widget" data-widget_type="divider.default">
				<div class="elementor-widget-container">
					<div class="elementor-divider">
			<span class="elementor-divider-separator">
						</span>
		</div>
				</div>
				</div>
					</div>
		</div>
							</div>
		</section>
				<section class="elementor-section elementor-top-section elementor-element elementor-element-69993025 elementor-section-boxed elementor-section-height-default elementor-section-height-default" data-id="69993025" data-element_type="section">
						<div class="elementor-container elementor-column-gap-wider">
					<div class="elementor-column elementor-col-50 elementor-top-column elementor-element elementor-element-5b9219ae" data-id="5b9219ae" data-element_type="column">
			<div class="elementor-widget-wrap elementor-element-populated">
								<div class="elementor-element elementor-element-c02e842 elementor-widget elementor-widget-image" data-id="c02e842" data-element_type="widget" data-widget_type="image.default">
				<div class="elementor-widget-container">
															<img loading="lazy" decoding="async" width="1024" height="219" src="https://comalamaison03-appli.fr/JeunesEuropeensLorraine/wp-content/uploads/2023/03/Le-Taurillon-1024x219.jpg" class="attachment-large size-large wp-image-293" alt="" srcset="https://comalamaison03-appli.fr/JeunesEuropeensLorraine/wp-content/uploads/2023/03/Le-Taurillon-1024x219.jpg 1024w, https://comalamaison03-appli.fr/JeunesEuropeensLorraine/wp-content/uploads/2023/03/Le-Taurillon-300x64.jpg 300w, https://comalamaison03-appli.fr/JeunesEuropeensLorraine/wp-content/uploads/2023/03/Le-Taurillon-768x164.jpg 768w, https://comalamaison03-appli.fr/JeunesEuropeensLorraine/wp-content/uploads/2023/03/Le-Taurillon.jpg 1140w" sizes="auto, (max-width: 1024px) 100vw, 1024px" />															</div>
				</div>
				<div class="elementor-element elementor-element-242b5394 elementor-widget elementor-widget-text-editor" data-id="242b5394" data-element_type="widget" data-widget_type="text-editor.default">
				<div class="elementor-widget-container">
							<p>Le <strong>Taurillon, </strong>c’est le <strong>webzine participatif </strong>des Jeunes européens, média transpartisan et en ligne (<a href="http://www.taurillon.org" target="_blank" rel="noopener">www.taurillon.org</a>), il décrypte et analyse chaque jour <strong>l’actualité européenne</strong>. Lancé en 2005, il est lu par <strong>400 000 lecteurs</strong> en moyenne chaque mois, et surtout il est le fruit du seul travail des adhérents et sympathisants ! Ses colonnes sont donc ouvertes à tous les bénévoles intéressés et motivés d’écrire un article, que ce soit toutes les semaines ou de temps en temps, tout le monde est le bienvenu, et bien sûr le comité de rédaction est toujours là pour conseiller et aider !</p>						</div>
				</div>
					</div>
		</div>
				<div class="elementor-column elementor-col-50 elementor-top-column elementor-element elementor-element-602bfee3" data-id="602bfee3" data-element_type="column" data-settings="{&quot;background_background&quot;:&quot;classic&quot;}">
			<div class="elementor-widget-wrap elementor-element-populated">
								<div class="elementor-element elementor-element-8dcaaef elementor-widget elementor-widget-heading" data-id="8dcaaef" data-element_type="widget" data-widget_type="heading.default">
				<div class="elementor-widget-container">
			<h3 class="elementor-heading-title elementor-size-default">Notre édition locale : le Taurillon Grand Est</h3>		</div>
				</div>
				<div class="elementor-element elementor-element-35801179 elementor-widget elementor-widget-text-editor" data-id="35801179" data-element_type="widget" data-widget_type="text-editor.default">
				<div class="elementor-widget-container">
							<p>Les Jeunes européens Lorraine avec les sections voisines de <a href="https://www.jeunes-europeens.org/Les-Jeunes-Europeens-Reims">Reims</a>, <a href="https://www.jeunes-europeens.org/Les-Jeunes-Europeens-Dijon">Dijon </a>et <a href="https://www.jeunes-europeens-strasbourg.eu/">Strasbourg </a>ont lancé une <strong>édition semestrielle</strong> du Taurillon à l’échelle régionale : le Taurillon Grand Est ! Vous trouverez ses dernières éditions ci-dessous :</p>						</div>
				</div>
				<div class="elementor-element elementor-element-de9fc87 elementor-widget elementor-widget-image" data-id="de9fc87" data-element_type="widget" data-widget_type="image.default">
				<div class="elementor-widget-container">
															<img loading="lazy" decoding="async" width="489" height="633" src="https://comalamaison03-appli.fr/JeunesEuropeensLorraine/wp-content/uploads/2023/03/Taurillon.png" class="attachment-large size-large wp-image-294" alt="" srcset="https://comalamaison03-appli.fr/JeunesEuropeensLorraine/wp-content/uploads/2023/03/Taurillon.png 489w, https://comalamaison03-appli.fr/JeunesEuropeensLorraine/wp-content/uploads/2023/03/Taurillon-232x300.png 232w" sizes="auto, (max-width: 489px) 100vw, 489px" />															</div>
				</div>
					</div>
		</div>
							</div>
		</section>
							</div>

<p>Le Taurillon Grand Est Le Taurillon, c’est le webzine participatif des Jeunes européens, média transpartisan et en ligne (www.taurillon.org), il décrypte et analyse chaque jour l’actualité européenne. Lancé en 2005, il est lu par 400 000 lecteurs en moyenne chaque mois, et surtout il est le fruit du seul travail des adhérents et sympathisants !&hellip;</p>
