{"id":108,"date":"2023-02-14T11:30:19","date_gmt":"2023-02-14T10:30:19","guid":{"rendered":"https:\/\/comalamaison03-appli.fr\/JeunesEuropeensLorraine\/?page_id=108"},"modified":"2023-03-21T14:51:09","modified_gmt":"2023-03-21T13:51:09","slug":"le-label-ville-europeenne","status":"publish","type":"page","link":"https:\/\/comalamaison03-appli.fr\/JeunesEuropeensLorraine\/le-label-ville-europeenne\/","title":{"rendered":"Le label ville europ\u00e9enne"},"content":{"rendered":"\t\t<div data-elementor-type=\"wp-page\" data-elementor-id=\"108\" class=\"elementor elementor-108\">\n\t\t\t\t\t\t\t\t\t<section class=\"elementor-section elementor-top-section elementor-element elementor-element-c087c79 elementor-section-boxed elementor-section-height-default elementor-section-height-default\" data-id=\"c087c79\" data-element_type=\"section\">\n\t\t\t\t\t\t<div class=\"elementor-container elementor-column-gap-default\">\n\t\t\t\t\t<div class=\"elementor-column elementor-col-100 elementor-top-column elementor-element elementor-element-21615e7f\" data-id=\"21615e7f\" data-element_type=\"column\">\n\t\t\t<div class=\"elementor-widget-wrap elementor-element-populated\">\n\t\t\t\t\t\t\t\t<div class=\"elementor-element elementor-element-43499b39 elementor-widget elementor-widget-heading\" data-id=\"43499b39\" data-element_type=\"widget\" data-widget_type=\"heading.default\">\n\t\t\t\t<div class=\"elementor-widget-container\">\n\t\t\t<h2 class=\"elementor-heading-title elementor-size-default\">Le Label ville europ\u00e9enne<\/h2>\t\t<\/div>\n\t\t\t\t<\/div>\n\t\t\t\t<div class=\"elementor-element elementor-element-138ed32e elementor-widget-divider--view-line elementor-widget elementor-widget-divider\" data-id=\"138ed32e\" data-element_type=\"widget\" data-widget_type=\"divider.default\">\n\t\t\t\t<div class=\"elementor-widget-container\">\n\t\t\t\t\t<div class=\"elementor-divider\">\n\t\t\t<span class=\"elementor-divider-separator\">\n\t\t\t\t\t\t<\/span>\n\t\t<\/div>\n\t\t\t\t<\/div>\n\t\t\t\t<\/div>\n\t\t\t\t\t<\/div>\n\t\t<\/div>\n\t\t\t\t\t\t\t<\/div>\n\t\t<\/section>\n\t\t\t\t<section class=\"elementor-section elementor-top-section elementor-element elementor-element-1e8a04a2 elementor-section-boxed elementor-section-height-default elementor-section-height-default\" data-id=\"1e8a04a2\" data-element_type=\"section\">\n\t\t\t\t\t\t<div class=\"elementor-container elementor-column-gap-wider\">\n\t\t\t\t\t<div class=\"elementor-column elementor-col-50 elementor-top-column elementor-element elementor-element-29383b4\" data-id=\"29383b4\" data-element_type=\"column\">\n\t\t\t<div class=\"elementor-widget-wrap elementor-element-populated\">\n\t\t\t\t\t\t\t\t<div class=\"elementor-element elementor-element-7d35c081 elementor-widget elementor-widget-image\" data-id=\"7d35c081\" data-element_type=\"widget\" data-widget_type=\"image.default\">\n\t\t\t\t<div class=\"elementor-widget-container\">\n\t\t\t\t\t\t\t\t\t\t\t\t\t\t\t<img loading=\"lazy\" decoding=\"async\" width=\"648\" height=\"292\" src=\"https:\/\/comalamaison03-appli.fr\/JeunesEuropeensLorraine\/wp-content\/uploads\/2023\/03\/Label-VilleEurop.png\" class=\"attachment-large size-large wp-image-275\" alt=\"\" srcset=\"https:\/\/comalamaison03-appli.fr\/JeunesEuropeensLorraine\/wp-content\/uploads\/2023\/03\/Label-VilleEurop.png 648w, https:\/\/comalamaison03-appli.fr\/JeunesEuropeensLorraine\/wp-content\/uploads\/2023\/03\/Label-VilleEurop-300x135.png 300w\" sizes=\"auto, (max-width: 648px) 100vw, 648px\" \/>\t\t\t\t\t\t\t\t\t\t\t\t\t\t\t<\/div>\n\t\t\t\t<\/div>\n\t\t\t\t\t<\/div>\n\t\t<\/div>\n\t\t\t\t<div class=\"elementor-column elementor-col-50 elementor-top-column elementor-element elementor-element-27929061\" data-id=\"27929061\" data-element_type=\"column\">\n\t\t\t<div class=\"elementor-widget-wrap elementor-element-populated\">\n\t\t\t\t\t\t\t\t<div class=\"elementor-element elementor-element-4917ff66 elementor-widget elementor-widget-text-editor\" data-id=\"4917ff66\" data-element_type=\"widget\" data-widget_type=\"text-editor.default\">\n\t\t\t\t<div class=\"elementor-widget-container\">\n\t\t\t\t\t\t\t<p>Le Label Ville europ\u00e9enne a \u00e9t\u00e9 cr\u00e9\u00e9 en janvier 2020 par <a href=\"https:\/\/www.jeunes-europeens.org\/\" target=\"_blank\" rel=\"noopener\">Les Jeunes Europ\u00e9ens \u2013 France<\/a>, le <a href=\"https:\/\/mouvement-europeen.eu\/\" target=\"_blank\" rel=\"noopener\">Mouvement Europ\u00e9en \u2013 France<\/a> et <a href=\"https:\/\/www.uef.fr\/\" target=\"_blank\" rel=\"noopener\">l\u2019Union des F\u00e9d\u00e9ralistes Europ\u00e9ens \u2013 France<\/a> afin de <strong>promouvoir la d\u00e9mocratie europ\u00e9enne<\/strong> et de faire vivre l\u2019esprit europ\u00e9en <strong>au plus proche des citoyens.<\/strong><\/p><p>Le Label, 100% citoyen et <strong>transpartisan, <\/strong>s\u2019adresse \u00e0 toutes les communes et incite les responsables politiques locaux \u00e0 se saisir des th\u00e9matiques europ\u00e9ennes et \u00e0 mettre en place des actions concr\u00e8tes pour la promotion de la citoyennet\u00e9 europ\u00e9enne au sein de leur commune.<\/p><p>Les actions que le label propose, symboliques et pratiques, sont r\u00e9pertori\u00e9es selon <strong>4 domaines d\u2019actions<\/strong> prioritaires et se d\u00e9clinent en <strong>5 niveaux<\/strong> de complexit\u00e9. Le Label permet ainsi une \u00e9valuation simple de ces actions en faveur de l\u2019Union europ\u00e9enne et donne aux citoyens l\u2019occasion de constater l\u2019engagement europ\u00e9en de leurs \u00e9lus en un coup d\u2019\u0153il !<\/p>\t\t\t\t\t\t<\/div>\n\t\t\t\t<\/div>\n\t\t\t\t<div class=\"elementor-element elementor-element-352ddf7 elementor-widget elementor-widget-heading\" data-id=\"352ddf7\" data-element_type=\"widget\" data-widget_type=\"heading.default\">\n\t\t\t\t<div class=\"elementor-widget-container\">\n\t\t\t<h3 class=\"elementor-heading-title elementor-size-default\">Comment obtenir le Label Ville Europ\u00e9enne ?<\/h3>\t\t<\/div>\n\t\t\t\t<\/div>\n\t\t\t\t<div class=\"elementor-element elementor-element-e391e6c elementor-widget elementor-widget-text-editor\" data-id=\"e391e6c\" data-element_type=\"widget\" data-widget_type=\"text-editor.default\">\n\t\t\t\t<div class=\"elementor-widget-container\">\n\t\t\t\t\t\t\t<p>Le Label Ville europ\u00e9enne a \u00e9t\u00e9 con\u00e7u pour \u00eatre <strong>accessible au plus grand nombre de communes fran\u00e7aises<\/strong>, quel que soit leur budget ou leur situation territoriale. Ainsi, toute commune peut obtenir le Label d\u00e8s lors qu\u2019elle respecte les <strong>crit\u00e8res de niveau 1 <\/strong>:<\/p><ul><li>Placer dans sa mairie un <strong>drapeau europ\u00e9en<\/strong> \u00e0 c\u00f4t\u00e9 du drapeau fran\u00e7ais<\/li><li>Identifier par la pr\u00e9sence d\u2019un <strong>pictogramme <\/strong>form\u00e9 du drapeau europ\u00e9en tout projet financ\u00e9 par l\u2019Union europ\u00e9enne au sein de sa commune<\/li><li>Organiser au moins une fois par an un <strong>\u00e9v\u00e9nement <\/strong>(conf\u00e9rence, exposition, projection, jumelage) ayant pour th\u00e8me l\u2019Europe ou un pays europ\u00e9en.<\/li><\/ul>\t\t\t\t\t\t<\/div>\n\t\t\t\t<\/div>\n\t\t\t\t<div class=\"elementor-element elementor-element-663bfac elementor-widget elementor-widget-heading\" data-id=\"663bfac\" data-element_type=\"widget\" data-widget_type=\"heading.default\">\n\t\t\t\t<div class=\"elementor-widget-container\">\n\t\t\t<h3 class=\"elementor-heading-title elementor-size-default\">Le label en Lorraine<\/h3>\t\t<\/div>\n\t\t\t\t<\/div>\n\t\t\t\t<div class=\"elementor-element elementor-element-e88ae40 elementor-widget elementor-widget-text-editor\" data-id=\"e88ae40\" data-element_type=\"widget\" data-widget_type=\"text-editor.default\">\n\t\t\t\t<div class=\"elementor-widget-container\">\n\t\t\t\t\t\t\t<p>En Lorraine, les villes de <strong>Nancy <\/strong>et de <strong>Valmunster <\/strong>ont d\u00e9j\u00e0 obtenu le label, et de nombreuses autres communes y sont candidates !<\/p><p><strong>Ce label ville europ\u00e9enne vous int\u00e9resse, et vous aimeriez en savoir davantage ?<\/strong> Alors contactez-nous \u00e0 l\u2019adresse mail suivante pour en discuter ensemble :\u00a0 <a href=\"mailto:lorraine@jeunes-europeens.org\" target=\"_blank\" rel=\"noopener\">lorraine@jeunes-europeens.org<\/a>.<\/p>\t\t\t\t\t\t<\/div>\n\t\t\t\t<\/div>\n\t\t\t\t\t<\/div>\n\t\t<\/div>\n\t\t\t\t\t\t\t<\/div>\n\t\t<\/section>\n\t\t\t\t\t\t\t<\/div>\n\t\t","protected":false},"excerpt":{"rendered":"<p>Le Label ville europ\u00e9enne Le Label Ville europ\u00e9enne a \u00e9t\u00e9 cr\u00e9\u00e9 en janvier 2020 par Les Jeunes Europ\u00e9ens \u2013 France, le Mouvement Europ\u00e9en \u2013 France et l\u2019Union des F\u00e9d\u00e9ralistes Europ\u00e9ens \u2013 France afin de promouvoir la d\u00e9mocratie europ\u00e9enne et de faire vivre l\u2019esprit europ\u00e9en au plus proche des citoyens. Le Label, 100% citoyen et transpartisan,&hellip;<\/p>\n","protected":false},"author":1,"featured_media":0,"parent":0,"menu_order":0,"comment_status":"closed","ping_status":"closed","template":"","meta":{"footnotes":""},"class_list":["post-108","page","type-page","status-publish","hentry"],"_links":{"self":[{"href":"https:\/\/comalamaison03-appli.fr\/JeunesEuropeensLorraine\/wp-json\/wp\/v2\/pages\/108","targetHints":{"allow":["GET"]}}],"collection":[{"href":"https:\/\/comalamaison03-appli.fr\/JeunesEuropeensLorraine\/wp-json\/wp\/v2\/pages"}],"about":[{"href":"https:\/\/comalamaison03-appli.fr\/JeunesEuropeensLorraine\/wp-json\/wp\/v2\/types\/page"}],"author":[{"embeddable":true,"href":"https:\/\/comalamaison03-appli.fr\/JeunesEuropeensLorraine\/wp-json\/wp\/v2\/users\/1"}],"replies":[{"embeddable":true,"href":"https:\/\/comalamaison03-appli.fr\/JeunesEuropeensLorraine\/wp-json\/wp\/v2\/comments?post=108"}],"version-history":[{"count":19,"href":"https:\/\/comalamaison03-appli.fr\/JeunesEuropeensLorraine\/wp-json\/wp\/v2\/pages\/108\/revisions"}],"predecessor-version":[{"id":287,"href":"https:\/\/comalamaison03-appli.fr\/JeunesEuropeensLorraine\/wp-json\/wp\/v2\/pages\/108\/revisions\/287"}],"wp:attachment":[{"href":"https:\/\/comalamaison03-appli.fr\/JeunesEuropeensLorraine\/wp-json\/wp\/v2\/media?parent=108"}],"curies":[{"name":"wp","href":"https:\/\/api.w.org\/{rel}","templated":true}]}}

Le label ville européenne

<div data-elementor-type="wp-page" data-elementor-id="108" class="elementor elementor-108">
									<section class="elementor-section elementor-top-section elementor-element elementor-element-c087c79 elementor-section-boxed elementor-section-height-default elementor-section-height-default" data-id="c087c79" data-element_type="section">
						<div class="elementor-container elementor-column-gap-default">
					<div class="elementor-column elementor-col-100 elementor-top-column elementor-element elementor-element-21615e7f" data-id="21615e7f" data-element_type="column">
			<div class="elementor-widget-wrap elementor-element-populated">
								<div class="elementor-element elementor-element-43499b39 elementor-widget elementor-widget-heading" data-id="43499b39" data-element_type="widget" data-widget_type="heading.default">
				<div class="elementor-widget-container">
			<h2 class="elementor-heading-title elementor-size-default">Le Label ville européenne</h2>		</div>
				</div>
				<div class="elementor-element elementor-element-138ed32e elementor-widget-divider--view-line elementor-widget elementor-widget-divider" data-id="138ed32e" data-element_type="widget" data-widget_type="divider.default">
				<div class="elementor-widget-container">
					<div class="elementor-divider">
			<span class="elementor-divider-separator">
						</span>
		</div>
				</div>
				</div>
					</div>
		</div>
							</div>
		</section>
				<section class="elementor-section elementor-top-section elementor-element elementor-element-1e8a04a2 elementor-section-boxed elementor-section-height-default elementor-section-height-default" data-id="1e8a04a2" data-element_type="section">
						<div class="elementor-container elementor-column-gap-wider">
					<div class="elementor-column elementor-col-50 elementor-top-column elementor-element elementor-element-29383b4" data-id="29383b4" data-element_type="column">
			<div class="elementor-widget-wrap elementor-element-populated">
								<div class="elementor-element elementor-element-7d35c081 elementor-widget elementor-widget-image" data-id="7d35c081" data-element_type="widget" data-widget_type="image.default">
				<div class="elementor-widget-container">
															<img loading="lazy" decoding="async" width="648" height="292" src="https://comalamaison03-appli.fr/JeunesEuropeensLorraine/wp-content/uploads/2023/03/Label-VilleEurop.png" class="attachment-large size-large wp-image-275" alt="" srcset="https://comalamaison03-appli.fr/JeunesEuropeensLorraine/wp-content/uploads/2023/03/Label-VilleEurop.png 648w, https://comalamaison03-appli.fr/JeunesEuropeensLorraine/wp-content/uploads/2023/03/Label-VilleEurop-300x135.png 300w" sizes="auto, (max-width: 648px) 100vw, 648px" />															</div>
				</div>
					</div>
		</div>
				<div class="elementor-column elementor-col-50 elementor-top-column elementor-element elementor-element-27929061" data-id="27929061" data-element_type="column">
			<div class="elementor-widget-wrap elementor-element-populated">
								<div class="elementor-element elementor-element-4917ff66 elementor-widget elementor-widget-text-editor" data-id="4917ff66" data-element_type="widget" data-widget_type="text-editor.default">
				<div class="elementor-widget-container">
							<p>Le Label Ville européenne a été créé en janvier 2020 par <a href="https://www.jeunes-europeens.org/" target="_blank" rel="noopener">Les Jeunes Européens – France</a>, le <a href="https://mouvement-europeen.eu/" target="_blank" rel="noopener">Mouvement Européen – France</a> et <a href="https://www.uef.fr/" target="_blank" rel="noopener">l’Union des Fédéralistes Européens – France</a> afin de <strong>promouvoir la démocratie européenne</strong> et de faire vivre l’esprit européen <strong>au plus proche des citoyens.</strong></p><p>Le Label, 100% citoyen et <strong>transpartisan, </strong>s’adresse à toutes les communes et incite les responsables politiques locaux à se saisir des thématiques européennes et à mettre en place des actions concrètes pour la promotion de la citoyenneté européenne au sein de leur commune.</p><p>Les actions que le label propose, symboliques et pratiques, sont répertoriées selon <strong>4 domaines d’actions</strong> prioritaires et se déclinent en <strong>5 niveaux</strong> de complexité. Le Label permet ainsi une évaluation simple de ces actions en faveur de l’Union européenne et donne aux citoyens l’occasion de constater l’engagement européen de leurs élus en un coup d’œil !</p>						</div>
				</div>
				<div class="elementor-element elementor-element-352ddf7 elementor-widget elementor-widget-heading" data-id="352ddf7" data-element_type="widget" data-widget_type="heading.default">
				<div class="elementor-widget-container">
			<h3 class="elementor-heading-title elementor-size-default">Comment obtenir le Label Ville Européenne ?</h3>		</div>
				</div>
				<div class="elementor-element elementor-element-e391e6c elementor-widget elementor-widget-text-editor" data-id="e391e6c" data-element_type="widget" data-widget_type="text-editor.default">
				<div class="elementor-widget-container">
							<p>Le Label Ville européenne a été conçu pour être <strong>accessible au plus grand nombre de communes françaises</strong>, quel que soit leur budget ou leur situation territoriale. Ainsi, toute commune peut obtenir le Label dès lors qu’elle respecte les <strong>critères de niveau 1 </strong>:</p><ul><li>Placer dans sa mairie un <strong>drapeau européen</strong> à côté du drapeau français</li><li>Identifier par la présence d’un <strong>pictogramme </strong>formé du drapeau européen tout projet financé par l’Union européenne au sein de sa commune</li><li>Organiser au moins une fois par an un <strong>événement </strong>(conférence, exposition, projection, jumelage) ayant pour thème l’Europe ou un pays européen.</li></ul>						</div>
				</div>
				<div class="elementor-element elementor-element-663bfac elementor-widget elementor-widget-heading" data-id="663bfac" data-element_type="widget" data-widget_type="heading.default">
				<div class="elementor-widget-container">
			<h3 class="elementor-heading-title elementor-size-default">Le label en Lorraine</h3>		</div>
				</div>
				<div class="elementor-element elementor-element-e88ae40 elementor-widget elementor-widget-text-editor" data-id="e88ae40" data-element_type="widget" data-widget_type="text-editor.default">
				<div class="elementor-widget-container">
							<p>En Lorraine, les villes de <strong>Nancy </strong>et de <strong>Valmunster </strong>ont déjà obtenu le label, et de nombreuses autres communes y sont candidates !</p><p><strong>Ce label ville européenne vous intéresse, et vous aimeriez en savoir davantage ?</strong> Alors contactez-nous à l’adresse mail suivante pour en discuter ensemble :  <a href="mailto:lorraine@jeunes-europeens.org" target="_blank" rel="noopener">lorraine@jeunes-europeens.org</a>.</p>						</div>
				</div>
					</div>
		</div>
							</div>
		</section>
							</div>

<p>Le Label ville européenne Le Label Ville européenne a été créé en janvier 2020 par Les Jeunes Européens – France, le Mouvement Européen – France et l’Union des Fédéralistes Européens – France afin de promouvoir la démocratie européenne et de faire vivre l’esprit européen au plus proche des citoyens. Le Label, 100% citoyen et transpartisan,&hellip;</p>
